{"version":"1.0","provider_name":"Preventraide - Conseils Pr\u00e9vention","provider_url":"https:\/\/www.preventraide.fr\/contenus","author_name":"PreventionMaif","author_url":"https:\/\/www.preventraide.fr\/contenus\/actualites\/author\/preventionmaif\/","title":"Information aux maires ruraux de l'Essonne - Preventraide - Conseils Pr\u00e9vention","type":"rich","width":600,"height":338,"html":"<blockquote class=\"wp-embedded-content\" data-secret=\"n8XtVOQBDV\"><a href=\"https:\/\/www.preventraide.fr\/contenus\/actualites\/information-aux-maires-ruraux-de-lessonne\/\">Information aux maires ruraux de l&rsquo;Essonne<\/a><\/blockquote><iframe sandbox=\"allow-scripts\" security=\"restricted\" src=\"https:\/\/www.preventraide.fr\/contenus\/actualites\/information-aux-maires-ruraux-de-lessonne\/embed\/#?secret=n8XtVOQBDV\" width=\"600\" height=\"338\" title=\"\u00ab\u00a0Information aux maires ruraux de l&rsquo;Essonne\u00a0\u00bb &#8212; Preventraide - Conseils Pr\u00e9vention\" data-secret=\"n8XtVOQBDV\" frameborder=\"0\" marginwidth=\"0\" marginheight=\"0\" scrolling=\"no\" class=\"wp-embedded-content\"><\/iframe><script type=\"text\/javascript\">\n\/* <![CDATA[ *\/\n\/*! This file is auto-generated *\/\n!function(d,l){\"use strict\";l.querySelector&&d.addEventListener&&\"undefined\"!=typeof URL&&(d.wp=d.wp||{},d.wp.receiveEmbedMessage||(d.wp.receiveEmbedMessage=function(e){var t=e.data;if((t||t.secret||t.message||t.value)&&!\/[^a-zA-Z0-9]\/.test(t.secret)){for(var s,r,n,a=l.querySelectorAll('iframe[data-secret=\"'+t.secret+'\"]'),o=l.querySelectorAll('blockquote[data-secret=\"'+t.secret+'\"]'),c=new RegExp(\"^https?:$\",\"i\"),i=0;i<o.length;i++)o[i].style.display=\"none\";for(i=0;i<a.length;i++)s=a[i],e.source===s.contentWindow&&(s.removeAttribute(\"style\"),\"height\"===t.message?(1e3<(r=parseInt(t.value,10))?r=1e3:~~r<200&&(r=200),s.height=r):\"link\"===t.message&&(r=new URL(s.getAttribute(\"src\")),n=new URL(t.value),c.test(n.protocol))&&n.host===r.host&&l.activeElement===s&&(d.top.location.href=t.value))}},d.addEventListener(\"message\",d.wp.receiveEmbedMessage,!1),l.addEventListener(\"DOMContentLoaded\",function(){for(var e,t,s=l.querySelectorAll(\"iframe.wp-embedded-content\"),r=0;r<s.length;r++)(t=(e=s[r]).getAttribute(\"data-secret\"))||(t=Math.random().toString(36).substring(2,12),e.src+=\"#?secret=\"+t,e.setAttribute(\"data-secret\",t)),e.contentWindow.postMessage({message:\"ready\",secret:t},\"*\")},!1)))}(window,document);\n\/* ]]> *\/\n<\/script>\n","thumbnail_url":"https:\/\/www.preventraide.fr\/contenus\/app\/uploads\/2022\/04\/arpajon.jpg","thumbnail_width":1169,"thumbnail_height":1037,"description":"Le jeudi 7 avril dernier l&rsquo;antenne Pr\u00e9vention MAIF d&rsquo;Arpajon a \u00e9t\u00e9 invit\u00e9e par l&rsquo;Association des Maires Ruraux de l&rsquo;Essonne (AMRF) afin de parler du dispositif Pr\u00e9vEntraide. Un sujet qui int\u00e9resse les 60 \u00e9lus pour leur PCS (Plan communal de sauvegarde). Le moment fut mis \u00e0 profit pour leur pr\u00e9senter \u00e9galement Mobil\u00e9cool et Complot dans l&rsquo;Dico."}

Preventraide - Conseils Prévention

Information aux maires ruraux de l'Essonne - Preventraide - Conseils Prévention

<blockquote class="wp-embedded-content" data-secret="n8XtVOQBDV"><a href="https://www.preventraide.fr/contenus/actualites/information-aux-maires-ruraux-de-lessonne/">Information aux maires ruraux de l&rsquo;Essonne</a></blockquote><iframe sandbox="allow-scripts" security="restricted" src="https://www.preventraide.fr/contenus/actualites/information-aux-maires-ruraux-de-lessonne/embed/#?secret=n8XtVOQBDV" width="600" height="338" title="« Information aux maires ruraux de l&rsquo;Essonne » &#8212; Preventraide - Conseils Prévention" data-secret="n8XtVOQBDV" frameborder="0" marginwidth="0" marginheight="0" scrolling="no" class="wp-embedded-content"></iframe><script type="text/javascript">
/* <![CDATA[ */
/*! This file is auto-generated */
!function(d,l){"use strict";l.querySelector&&d.addEventListener&&"undefined"!=typeof URL&&(d.wp=d.wp||{},d.wp.receiveEmbedMessage||(d.wp.receiveEmbedMessage=function(e){var t=e.data;if((t||t.secret||t.message||t.value)&&!/[^a-zA-Z0-9]/.test(t.secret)){for(var s,r,n,a=l.querySelectorAll('iframe[data-secret="'+t.secret+'"]'),o=l.querySelectorAll('blockquote[data-secret="'+t.secret+'"]'),c=new RegExp("^https?:$","i"),i=0;i<o.length;i++)o[i].style.display="none";for(i=0;i<a.length;i++)s=a[i],e.source===s.contentWindow&&(s.removeAttribute("style"),"height"===t.message?(1e3<(r=parseInt(t.value,10))?r=1e3:~~r<200&&(r=200),s.height=r):"link"===t.message&&(r=new URL(s.getAttribute("src")),n=new URL(t.value),c.test(n.protocol))&&n.host===r.host&&l.activeElement===s&&(d.top.location.href=t.value))}},d.addEventListener("message",d.wp.receiveEmbedMessage,!1),l.addEventListener("DOMContentLoaded",function(){for(var e,t,s=l.querySelectorAll("iframe.wp-embedded-content"),r=0;r<s.length;r++)(t=(e=s[r]).getAttribute("data-secret"))||(t=Math.random().toString(36).substring(2,12),e.src+="#?secret="+t,e.setAttribute("data-secret",t)),e.contentWindow.postMessage({message:"ready",secret:t},"*")},!1)))}(window,document);
/* ]]> */
</script>

Le jeudi 7 avril dernier l&rsquo;antenne Prévention MAIF d&rsquo;Arpajon a été invitée par l&rsquo;Association des Maires Ruraux de l&rsquo;Essonne (AMRF) afin de parler du dispositif PrévEntraide. Un sujet qui intéresse les 60 élus pour leur PCS (Plan communal de sauvegarde). Le moment fut mis à profit pour leur présenter également Mobilécool et Complot dans l&rsquo;Dico.
