{"version":"1.0","provider_name":"Preventraide - Conseils Pr\u00e9vention","provider_url":"https:\/\/www.preventraide.fr\/contenus","author_name":"Camille Jagueneau","author_url":"https:\/\/www.preventraide.fr\/contenus\/actualites\/author\/camille-jagueneau\/","title":"Printemps du Climat \u00e0 Mulhouse - Preventraide - Conseils Pr\u00e9vention","type":"rich","width":600,"height":338,"html":"<blockquote class=\"wp-embedded-content\" data-secret=\"rAFI9PUzT0\"><a href=\"https:\/\/www.preventraide.fr\/contenus\/actualites\/printemps-du-climat-a-mulhouse\/\">Printemps du Climat \u00e0 Mulhouse<\/a><\/blockquote><iframe sandbox=\"allow-scripts\" security=\"restricted\" src=\"https:\/\/www.preventraide.fr\/contenus\/actualites\/printemps-du-climat-a-mulhouse\/embed\/#?secret=rAFI9PUzT0\" width=\"600\" height=\"338\" title=\"\u00ab\u00a0Printemps du Climat \u00e0 Mulhouse\u00a0\u00bb &#8212; Preventraide - Conseils Pr\u00e9vention\" data-secret=\"rAFI9PUzT0\" frameborder=\"0\" marginwidth=\"0\" marginheight=\"0\" scrolling=\"no\" class=\"wp-embedded-content\"><\/iframe><script type=\"text\/javascript\">\n\/* <![CDATA[ *\/\n\/*! This file is auto-generated *\/\n!function(d,l){\"use strict\";l.querySelector&&d.addEventListener&&\"undefined\"!=typeof URL&&(d.wp=d.wp||{},d.wp.receiveEmbedMessage||(d.wp.receiveEmbedMessage=function(e){var t=e.data;if((t||t.secret||t.message||t.value)&&!\/[^a-zA-Z0-9]\/.test(t.secret)){for(var s,r,n,a=l.querySelectorAll('iframe[data-secret=\"'+t.secret+'\"]'),o=l.querySelectorAll('blockquote[data-secret=\"'+t.secret+'\"]'),c=new RegExp(\"^https?:$\",\"i\"),i=0;i<o.length;i++)o[i].style.display=\"none\";for(i=0;i<a.length;i++)s=a[i],e.source===s.contentWindow&&(s.removeAttribute(\"style\"),\"height\"===t.message?(1e3<(r=parseInt(t.value,10))?r=1e3:~~r<200&&(r=200),s.height=r):\"link\"===t.message&&(r=new URL(s.getAttribute(\"src\")),n=new URL(t.value),c.test(n.protocol))&&n.host===r.host&&l.activeElement===s&&(d.top.location.href=t.value))}},d.addEventListener(\"message\",d.wp.receiveEmbedMessage,!1),l.addEventListener(\"DOMContentLoaded\",function(){for(var e,t,s=l.querySelectorAll(\"iframe.wp-embedded-content\"),r=0;r<s.length;r++)(t=(e=s[r]).getAttribute(\"data-secret\"))||(t=Math.random().toString(36).substring(2,12),e.src+=\"#?secret=\"+t,e.setAttribute(\"data-secret\",t)),e.contentWindow.postMessage({message:\"ready\",secret:t},\"*\")},!1)))}(window,document);\n\/* ]]> *\/\n<\/script>\n","thumbnail_url":"https:\/\/www.preventraide.fr\/contenus\/app\/uploads\/2024\/05\/Printemps-du-clminat-Mulhouse-Banniere-320x250px_Plan-de-travail-1.png","thumbnail_width":667,"thumbnail_height":521,"description":"Dans un monde confront\u00e9 \u00e0 une crise climatique, il est imp\u00e9ratif d\u2019agir ensemble pour prot\u00e9ger notre plan\u00e8te. C\u2019est pourquoi l\u2019association Pr\u00e9vention MAIF vous invite \u00e0 participer au Printemps du Climat \u00e0 Mulhouse, un \u00e9v\u00e9nement unique et engageant qui donne \u00e0 chacun la possibilit\u00e9 de s\u2019impliquer dans des actions en faveur de l\u2019environnement. Informations Pratiques\ud83d\udcc5 Date [&hellip;]"}

Preventraide - Conseils Prévention

Printemps du Climat à Mulhouse - Preventraide - Conseils Prévention

<blockquote class="wp-embedded-content" data-secret="rAFI9PUzT0"><a href="https://www.preventraide.fr/contenus/actualites/printemps-du-climat-a-mulhouse/">Printemps du Climat à Mulhouse</a></blockquote><iframe sandbox="allow-scripts" security="restricted" src="https://www.preventraide.fr/contenus/actualites/printemps-du-climat-a-mulhouse/embed/#?secret=rAFI9PUzT0" width="600" height="338" title="« Printemps du Climat à Mulhouse » &#8212; Preventraide - Conseils Prévention" data-secret="rAFI9PUzT0" frameborder="0" marginwidth="0" marginheight="0" scrolling="no" class="wp-embedded-content"></iframe><script type="text/javascript">
/* <![CDATA[ */
/*! This file is auto-generated */
!function(d,l){"use strict";l.querySelector&&d.addEventListener&&"undefined"!=typeof URL&&(d.wp=d.wp||{},d.wp.receiveEmbedMessage||(d.wp.receiveEmbedMessage=function(e){var t=e.data;if((t||t.secret||t.message||t.value)&&!/[^a-zA-Z0-9]/.test(t.secret)){for(var s,r,n,a=l.querySelectorAll('iframe[data-secret="'+t.secret+'"]'),o=l.querySelectorAll('blockquote[data-secret="'+t.secret+'"]'),c=new RegExp("^https?:$","i"),i=0;i<o.length;i++)o[i].style.display="none";for(i=0;i<a.length;i++)s=a[i],e.source===s.contentWindow&&(s.removeAttribute("style"),"height"===t.message?(1e3<(r=parseInt(t.value,10))?r=1e3:~~r<200&&(r=200),s.height=r):"link"===t.message&&(r=new URL(s.getAttribute("src")),n=new URL(t.value),c.test(n.protocol))&&n.host===r.host&&l.activeElement===s&&(d.top.location.href=t.value))}},d.addEventListener("message",d.wp.receiveEmbedMessage,!1),l.addEventListener("DOMContentLoaded",function(){for(var e,t,s=l.querySelectorAll("iframe.wp-embedded-content"),r=0;r<s.length;r++)(t=(e=s[r]).getAttribute("data-secret"))||(t=Math.random().toString(36).substring(2,12),e.src+="#?secret="+t,e.setAttribute("data-secret",t)),e.contentWindow.postMessage({message:"ready",secret:t},"*")},!1)))}(window,document);
/* ]]> */
</script>

Dans un monde confronté à une crise climatique, il est impératif d’agir ensemble pour protéger notre planète. C’est pourquoi l’association Prévention MAIF vous invite à participer au Printemps du Climat à Mulhouse, un événement unique et engageant qui donne à chacun la possibilité de s’impliquer dans des actions en faveur de l’environnement. Informations Pratiques📅 Date [&hellip;]
