{"id":270,"date":"2021-03-18T09:34:11","date_gmt":"2021-03-18T08:34:11","guid":{"rendered":"https:\/\/www.preventraide.fr\/contenus\/?post_type=fiche&#038;p=270"},"modified":"2024-10-04T16:31:03","modified_gmt":"2024-10-04T14:31:03","slug":"pcs-les-entrainements-et-exercices-de-gestion-de-crise","status":"publish","type":"fiche","link":"https:\/\/www.preventraide.fr\/contenus\/outils-ressources\/pcs-les-entrainements-et-exercices-de-gestion-de-crise\/","title":{"rendered":"Vid\u00e9o : pourquoi et comment se pr\u00e9parer \u00e0 une gestion de crise ?"},"content":{"rendered":"\n<p>Le renouvellement des mandats et le changement d\u2019\u00e9quipe municipale est une opportunit\u00e9 pour former et sensibiliser les \u00e9lus et agents des collectivit\u00e9s \u00e0 la gestion de crise. D\u00e9couvrez en images comment vous pr\u00e9parer.<\/p>\n\n\n\n<div class=\"ghostkit-video ghostkit-custom-bvvzd\" data-video-type=\"yt_vm_video\" data-video=\"https:\/\/www.youtube.com\/watch?v=1ZGKCKJO21w&amp;list=PLitnh9Etv0RjHq9rmRAv9G9t5ILdozg9J\" data-video-aspect-ratio=\"16:9\" data-video-volume=\"100\" data-click-action=\"plain\"><div class=\"ghostkit-video-play-icon\"><svg class=\"ghostkit-svg-icon\" width=\"24\" height=\"24\" viewBox=\"0 0 24 24\" fill=\"none\" xmlns=\"http:\/\/www.w3.org\/2000\/svg\"><path d=\"M5 4.83167C5 4.0405 5.87525 3.56266 6.54076 3.99049L17.6915 11.1588C18.3038 11.5525 18.3038 12.4475 17.6915 12.8412L6.54076 20.0095C5.87525 20.4373 5 19.9595 5 19.1683V4.83167Z\" fill=\"currentColor\" stroke=\"currentColor\" stroke-width=\"1.5\" stroke-linecap=\"round\" stroke-linejoin=\"round\"\/><\/svg><\/div><div class=\"ghostkit-video-loading-icon\"><span class=\"ghostkit-svg-icon ghostkit-icon-spinner\"><\/span><\/div><\/div>\n\n\n\n<figure class=\"wp-block-image alignleft size-large is-resized\"><img loading=\"lazy\" decoding=\"async\" width=\"400\" height=\"278\" src=\"https:\/\/www.preventraide.fr\/contenus\/app\/uploads\/2021\/03\/EPISEINE_LOGO.png\" alt=\"\" class=\"wp-image-229\" style=\"width:100px;height:70px\" srcset=\"https:\/\/www.preventraide.fr\/contenus\/app\/uploads\/2021\/03\/EPISEINE_LOGO.png 400w, https:\/\/www.preventraide.fr\/contenus\/app\/uploads\/2021\/03\/EPISEINE_LOGO-300x209.png 300w\" sizes=\"auto, (max-width: 400px) 100vw, 400px\" \/><\/figure>\n\n\n\n<p><strong>Source EPISEINE<br><\/strong><a href=\"https:\/\/episeine.fr\/actualite\/video-collectivites-les-entrainements-et-exercices-de-gestion-de-crise\" target=\"_blank\" rel=\"noreferrer noopener\">https:\/\/episeine.fr\/actualite\/video-collectivites-les-entrainements-et-exercices-de-gestion-de-crise<\/a><\/p>\n","protected":false},"excerpt":{"rendered":"<p>Le renouvellement des mandats et le changement d\u2019\u00e9quipe municipale est une opportunit\u00e9 pour former et sensibiliser les \u00e9lus et agents des collectivit\u00e9s \u00e0 la gestion de crise. D\u00e9couvrez en images comment vous pr\u00e9parer.<\/p>\n","protected":false},"featured_media":273,"template":"","meta":{"_acf_changed":true,"inline_featured_image":false,"ghostkit_customizer_options":"","ghostkit_custom_css":"","ghostkit_custom_js_head":"","ghostkit_custom_js_foot":"","ghostkit_typography":""},"support":[12],"class_list":["post-270","fiche","type-fiche","status-publish","has-post-thumbnail","hentry","support-video"],"acf":[],"yoast_head":"<!-- This site is optimized with the Yoast SEO plugin v24.9 - https:\/\/yoast.com\/wordpress\/plugins\/seo\/ -->\n<title>Vid\u00e9o : pourquoi et comment se pr\u00e9parer \u00e0 une gestion de crise ? - Preventraide - Conseils Pr\u00e9vention<\/title>\n<meta name=\"robots\" content=\"index, follow, max-snippet:-1, max-image-preview:large, max-video-preview:-1\" \/>\n<link rel=\"canonical\" href=\"https:\/\/episeine.fr\/actualite\/video-collectivites-les-entrainements-et-exercices-de-gestion-de-crise\" \/>\n<meta property=\"og:locale\" content=\"fr_FR\" \/>\n<meta property=\"og:type\" content=\"article\" \/>\n<meta property=\"og:title\" content=\"Vid\u00e9o : pourquoi et comment se pr\u00e9parer \u00e0 une gestion de crise ? - Preventraide - Conseils Pr\u00e9vention\" \/>\n<meta property=\"og:description\" content=\"Le renouvellement des mandats et le changement d\u2019\u00e9quipe municipale est une opportunit\u00e9 pour former et sensibiliser les \u00e9lus et agents des collectivit\u00e9s \u00e0 la gestion de crise. D\u00e9couvrez en images comment vous pr\u00e9parer.\" \/>\n<meta property=\"og:url\" content=\"https:\/\/episeine.fr\/actualite\/video-collectivites-les-entrainements-et-exercices-de-gestion-de-crise\" \/>\n<meta property=\"og:site_name\" content=\"Preventraide - Conseils Pr\u00e9vention\" \/>\n<meta property=\"article:modified_time\" content=\"2024-10-04T14:31:03+00:00\" \/>\n<meta property=\"og:image\" content=\"https:\/\/www.preventraide.fr\/contenus\/app\/uploads\/2021\/03\/collectivites-les-entrainements-et-exercices-de-gestion-de-crise.png\" \/>\n\t<meta property=\"og:image:width\" content=\"1170\" \/>\n\t<meta property=\"og:image:height\" content=\"616\" \/>\n\t<meta property=\"og:image:type\" content=\"image\/png\" \/>\n<meta name=\"twitter:card\" content=\"summary_large_image\" \/>\n<meta name=\"twitter:label1\" content=\"Est. reading time\" \/>\n\t<meta name=\"twitter:data1\" content=\"1 minute\" \/>\n<script type=\"application\/ld+json\" class=\"yoast-schema-graph\">{\"@context\":\"https:\/\/schema.org\",\"@graph\":[{\"@type\":\"WebPage\",\"@id\":\"https:\/\/www.preventraide.fr\/contenus\/outils-ressources\/pcs-les-entrainements-et-exercices-de-gestion-de-crise\/\",\"url\":\"https:\/\/episeine.fr\/actualite\/video-collectivites-les-entrainements-et-exercices-de-gestion-de-crise\",\"name\":\"Vid\u00e9o : pourquoi et comment se pr\u00e9parer \u00e0 une gestion de crise ? - Preventraide - Conseils Pr\u00e9vention\",\"isPartOf\":{\"@id\":\"https:\/\/www.preventraide.fr\/contenus\/#website\"},\"primaryImageOfPage\":{\"@id\":\"https:\/\/episeine.fr\/actualite\/video-collectivites-les-entrainements-et-exercices-de-gestion-de-crise#primaryimage\"},\"image\":{\"@id\":\"https:\/\/episeine.fr\/actualite\/video-collectivites-les-entrainements-et-exercices-de-gestion-de-crise#primaryimage\"},\"thumbnailUrl\":\"https:\/\/www.preventraide.fr\/contenus\/app\/uploads\/2021\/03\/collectivites-les-entrainements-et-exercices-de-gestion-de-crise.png\",\"datePublished\":\"2021-03-18T08:34:11+00:00\",\"dateModified\":\"2024-10-04T14:31:03+00:00\",\"breadcrumb\":{\"@id\":\"https:\/\/episeine.fr\/actualite\/video-collectivites-les-entrainements-et-exercices-de-gestion-de-crise#breadcrumb\"},\"inLanguage\":\"fr-FR\",\"potentialAction\":[{\"@type\":\"ReadAction\",\"target\":[\"https:\/\/episeine.fr\/actualite\/video-collectivites-les-entrainements-et-exercices-de-gestion-de-crise\"]}]},{\"@type\":\"ImageObject\",\"inLanguage\":\"fr-FR\",\"@id\":\"https:\/\/episeine.fr\/actualite\/video-collectivites-les-entrainements-et-exercices-de-gestion-de-crise#primaryimage\",\"url\":\"https:\/\/www.preventraide.fr\/contenus\/app\/uploads\/2021\/03\/collectivites-les-entrainements-et-exercices-de-gestion-de-crise.png\",\"contentUrl\":\"https:\/\/www.preventraide.fr\/contenus\/app\/uploads\/2021\/03\/collectivites-les-entrainements-et-exercices-de-gestion-de-crise.png\",\"width\":1170,\"height\":616},{\"@type\":\"BreadcrumbList\",\"@id\":\"https:\/\/episeine.fr\/actualite\/video-collectivites-les-entrainements-et-exercices-de-gestion-de-crise#breadcrumb\",\"itemListElement\":[{\"@type\":\"ListItem\",\"position\":1,\"name\":\"Accueil\",\"item\":\"https:\/\/www.preventraide.fr\"},{\"@type\":\"ListItem\",\"position\":2,\"name\":\"Outils & Ressources\",\"item\":\"https:\/\/www.preventraide.fr\/contenus\/outils-ressources\/\"},{\"@type\":\"ListItem\",\"position\":3,\"name\":\"Vid\u00e9o : pourquoi et comment se pr\u00e9parer \u00e0 une gestion de crise ?\"}]},{\"@type\":\"WebSite\",\"@id\":\"https:\/\/www.preventraide.fr\/contenus\/#website\",\"url\":\"https:\/\/www.preventraide.fr\/contenus\/\",\"name\":\"Preventraide\",\"description\":\"\",\"potentialAction\":[{\"@type\":\"SearchAction\",\"target\":{\"@type\":\"EntryPoint\",\"urlTemplate\":\"https:\/\/www.preventraide.fr\/contenus\/?s={search_term_string}\"},\"query-input\":{\"@type\":\"PropertyValueSpecification\",\"valueRequired\":true,\"valueName\":\"search_term_string\"}}],\"inLanguage\":\"fr-FR\"}]}<\/script>\n<!-- \/ Yoast SEO plugin. -->","yoast_head_json":{"title":"Vid\u00e9o : pourquoi et comment se pr\u00e9parer \u00e0 une gestion de crise ? - Preventraide - Conseils Pr\u00e9vention","robots":{"index":"index","follow":"follow","max-snippet":"max-snippet:-1","max-image-preview":"max-image-preview:large","max-video-preview":"max-video-preview:-1"},"canonical":"https:\/\/episeine.fr\/actualite\/video-collectivites-les-entrainements-et-exercices-de-gestion-de-crise","og_locale":"fr_FR","og_type":"article","og_title":"Vid\u00e9o : pourquoi et comment se pr\u00e9parer \u00e0 une gestion de crise ? - Preventraide - Conseils Pr\u00e9vention","og_description":"Le renouvellement des mandats et le changement d\u2019\u00e9quipe municipale est une opportunit\u00e9 pour former et sensibiliser les \u00e9lus et agents des collectivit\u00e9s \u00e0 la gestion de crise. D\u00e9couvrez en images comment vous pr\u00e9parer.","og_url":"https:\/\/episeine.fr\/actualite\/video-collectivites-les-entrainements-et-exercices-de-gestion-de-crise","og_site_name":"Preventraide - Conseils Pr\u00e9vention","article_modified_time":"2024-10-04T14:31:03+00:00","og_image":[{"width":1170,"height":616,"url":"https:\/\/www.preventraide.fr\/contenus\/app\/uploads\/2021\/03\/collectivites-les-entrainements-et-exercices-de-gestion-de-crise.png","type":"image\/png"}],"twitter_card":"summary_large_image","twitter_misc":{"Est. reading time":"1 minute"},"schema":{"@context":"https:\/\/schema.org","@graph":[{"@type":"WebPage","@id":"https:\/\/www.preventraide.fr\/contenus\/outils-ressources\/pcs-les-entrainements-et-exercices-de-gestion-de-crise\/","url":"https:\/\/episeine.fr\/actualite\/video-collectivites-les-entrainements-et-exercices-de-gestion-de-crise","name":"Vid\u00e9o : pourquoi et comment se pr\u00e9parer \u00e0 une gestion de crise ? - Preventraide - Conseils Pr\u00e9vention","isPartOf":{"@id":"https:\/\/www.preventraide.fr\/contenus\/#website"},"primaryImageOfPage":{"@id":"https:\/\/episeine.fr\/actualite\/video-collectivites-les-entrainements-et-exercices-de-gestion-de-crise#primaryimage"},"image":{"@id":"https:\/\/episeine.fr\/actualite\/video-collectivites-les-entrainements-et-exercices-de-gestion-de-crise#primaryimage"},"thumbnailUrl":"https:\/\/www.preventraide.fr\/contenus\/app\/uploads\/2021\/03\/collectivites-les-entrainements-et-exercices-de-gestion-de-crise.png","datePublished":"2021-03-18T08:34:11+00:00","dateModified":"2024-10-04T14:31:03+00:00","breadcrumb":{"@id":"https:\/\/episeine.fr\/actualite\/video-collectivites-les-entrainements-et-exercices-de-gestion-de-crise#breadcrumb"},"inLanguage":"fr-FR","potentialAction":[{"@type":"ReadAction","target":["https:\/\/episeine.fr\/actualite\/video-collectivites-les-entrainements-et-exercices-de-gestion-de-crise"]}]},{"@type":"ImageObject","inLanguage":"fr-FR","@id":"https:\/\/episeine.fr\/actualite\/video-collectivites-les-entrainements-et-exercices-de-gestion-de-crise#primaryimage","url":"https:\/\/www.preventraide.fr\/contenus\/app\/uploads\/2021\/03\/collectivites-les-entrainements-et-exercices-de-gestion-de-crise.png","contentUrl":"https:\/\/www.preventraide.fr\/contenus\/app\/uploads\/2021\/03\/collectivites-les-entrainements-et-exercices-de-gestion-de-crise.png","width":1170,"height":616},{"@type":"BreadcrumbList","@id":"https:\/\/episeine.fr\/actualite\/video-collectivites-les-entrainements-et-exercices-de-gestion-de-crise#breadcrumb","itemListElement":[{"@type":"ListItem","position":1,"name":"Accueil","item":"https:\/\/www.preventraide.fr"},{"@type":"ListItem","position":2,"name":"Outils & Ressources","item":"https:\/\/www.preventraide.fr\/contenus\/outils-ressources\/"},{"@type":"ListItem","position":3,"name":"Vid\u00e9o : pourquoi et comment se pr\u00e9parer \u00e0 une gestion de crise ?"}]},{"@type":"WebSite","@id":"https:\/\/www.preventraide.fr\/contenus\/#website","url":"https:\/\/www.preventraide.fr\/contenus\/","name":"Preventraide","description":"","potentialAction":[{"@type":"SearchAction","target":{"@type":"EntryPoint","urlTemplate":"https:\/\/www.preventraide.fr\/contenus\/?s={search_term_string}"},"query-input":{"@type":"PropertyValueSpecification","valueRequired":true,"valueName":"search_term_string"}}],"inLanguage":"fr-FR"}]}},"_links":{"self":[{"href":"https:\/\/www.preventraide.fr\/contenus\/wp-json\/wp\/v2\/fiche\/270","targetHints":{"allow":["GET"]}}],"collection":[{"href":"https:\/\/www.preventraide.fr\/contenus\/wp-json\/wp\/v2\/fiche"}],"about":[{"href":"https:\/\/www.preventraide.fr\/contenus\/wp-json\/wp\/v2\/types\/fiche"}],"wp:featuredmedia":[{"embeddable":true,"href":"https:\/\/www.preventraide.fr\/contenus\/wp-json\/wp\/v2\/media\/273"}],"wp:attachment":[{"href":"https:\/\/www.preventraide.fr\/contenus\/wp-json\/wp\/v2\/media?parent=270"}],"wp:term":[{"taxonomy":"support","embeddable":true,"href":"https:\/\/www.preventraide.fr\/contenus\/wp-json\/wp\/v2\/support?post=270"}],"curies":[{"name":"wp","href":"https:\/\/api.w.org\/{rel}","templated":true}]}}

Vidéo : pourquoi et comment se préparer à une gestion de crise ?

<p>Le renouvellement des mandats et le changement d’équipe municipale est une opportunité pour former et sensibiliser les élus et agents des collectivités à la gestion de crise. Découvrez en images comment vous préparer.</p>



<div class="ghostkit-video ghostkit-custom-bvvzd" data-video-type="yt_vm_video" data-video="https://www.youtube.com/watch?v=1ZGKCKJO21w&amp;list=PLitnh9Etv0RjHq9rmRAv9G9t5ILdozg9J" data-video-aspect-ratio="16:9" data-video-volume="100" data-click-action="plain"><div class="ghostkit-video-play-icon"><svg class="ghostkit-svg-icon" width="24" height="24" viewBox="0 0 24 24" fill="none" xmlns="http://www.w3.org/2000/svg"><path d="M5 4.83167C5 4.0405 5.87525 3.56266 6.54076 3.99049L17.6915 11.1588C18.3038 11.5525 18.3038 12.4475 17.6915 12.8412L6.54076 20.0095C5.87525 20.4373 5 19.9595 5 19.1683V4.83167Z" fill="currentColor" stroke="currentColor" stroke-width="1.5" stroke-linecap="round" stroke-linejoin="round"/></svg></div><div class="ghostkit-video-loading-icon"><span class="ghostkit-svg-icon ghostkit-icon-spinner"></span></div></div>



<figure class="wp-block-image alignleft size-large is-resized"><img loading="lazy" decoding="async" width="400" height="278" src="https://www.preventraide.fr/contenus/app/uploads/2021/03/EPISEINE_LOGO.png" alt="" class="wp-image-229" style="width:100px;height:70px" srcset="https://www.preventraide.fr/contenus/app/uploads/2021/03/EPISEINE_LOGO.png 400w, https://www.preventraide.fr/contenus/app/uploads/2021/03/EPISEINE_LOGO-300x209.png 300w" sizes="auto, (max-width: 400px) 100vw, 400px" /></figure>



<p><strong>Source EPISEINE<br></strong><a href="https://episeine.fr/actualite/video-collectivites-les-entrainements-et-exercices-de-gestion-de-crise" target="_blank" rel="noreferrer noopener">https://episeine.fr/actualite/video-collectivites-les-entrainements-et-exercices-de-gestion-de-crise</a></p>

<p>Le renouvellement des mandats et le changement d’équipe municipale est une opportunité pour former et sensibiliser les élus et agents des collectivités à la gestion de crise. Découvrez en images comment vous préparer.</p>

<!-- This site is optimized with the Yoast SEO plugin v24.9 - https://yoast.com/wordpress/plugins/seo/ -->
<title>Vidéo : pourquoi et comment se préparer à une gestion de crise ? - Preventraide - Conseils Prévention</title>
<meta name="robots" content="index, follow, max-snippet:-1, max-image-preview:large, max-video-preview:-1" />
<link rel="canonical" href="https://episeine.fr/actualite/video-collectivites-les-entrainements-et-exercices-de-gestion-de-crise" />
<meta property="og:locale" content="fr_FR" />
<meta property="og:type" content="article" />
<meta property="og:title" content="Vidéo : pourquoi et comment se préparer à une gestion de crise ? - Preventraide - Conseils Prévention" />
<meta property="og:description" content="Le renouvellement des mandats et le changement d’équipe municipale est une opportunité pour former et sensibiliser les élus et agents des collectivités à la gestion de crise. Découvrez en images comment vous préparer." />
<meta property="og:url" content="https://episeine.fr/actualite/video-collectivites-les-entrainements-et-exercices-de-gestion-de-crise" />
<meta property="og:site_name" content="Preventraide - Conseils Prévention" />
<meta property="article:modified_time" content="2024-10-04T14:31:03+00:00" />
<meta property="og:image" content="https://www.preventraide.fr/contenus/app/uploads/2021/03/collectivites-les-entrainements-et-exercices-de-gestion-de-crise.png" />
	<meta property="og:image:width" content="1170" />
	<meta property="og:image:height" content="616" />
	<meta property="og:image:type" content="image/png" />
<meta name="twitter:card" content="summary_large_image" />
<meta name="twitter:label1" content="Est. reading time" />
	<meta name="twitter:data1" content="1 minute" />
<script type="application/ld+json" class="yoast-schema-graph">{"@context":"https://schema.org","@graph":[{"@type":"WebPage","@id":"https://www.preventraide.fr/contenus/outils-ressources/pcs-les-entrainements-et-exercices-de-gestion-de-crise/","url":"https://episeine.fr/actualite/video-collectivites-les-entrainements-et-exercices-de-gestion-de-crise","name":"Vidéo : pourquoi et comment se préparer à une gestion de crise ? - Preventraide - Conseils Prévention","isPartOf":{"@id":"https://www.preventraide.fr/contenus/#website"},"primaryImageOfPage":{"@id":"https://episeine.fr/actualite/video-collectivites-les-entrainements-et-exercices-de-gestion-de-crise#primaryimage"},"image":{"@id":"https://episeine.fr/actualite/video-collectivites-les-entrainements-et-exercices-de-gestion-de-crise#primaryimage"},"thumbnailUrl":"https://www.preventraide.fr/contenus/app/uploads/2021/03/collectivites-les-entrainements-et-exercices-de-gestion-de-crise.png","datePublished":"2021-03-18T08:34:11+00:00","dateModified":"2024-10-04T14:31:03+00:00","breadcrumb":{"@id":"https://episeine.fr/actualite/video-collectivites-les-entrainements-et-exercices-de-gestion-de-crise#breadcrumb"},"inLanguage":"fr-FR","potentialAction":[{"@type":"ReadAction","target":["https://episeine.fr/actualite/video-collectivites-les-entrainements-et-exercices-de-gestion-de-crise"]}]},{"@type":"ImageObject","inLanguage":"fr-FR","@id":"https://episeine.fr/actualite/video-collectivites-les-entrainements-et-exercices-de-gestion-de-crise#primaryimage","url":"https://www.preventraide.fr/contenus/app/uploads/2021/03/collectivites-les-entrainements-et-exercices-de-gestion-de-crise.png","contentUrl":"https://www.preventraide.fr/contenus/app/uploads/2021/03/collectivites-les-entrainements-et-exercices-de-gestion-de-crise.png","width":1170,"height":616},{"@type":"BreadcrumbList","@id":"https://episeine.fr/actualite/video-collectivites-les-entrainements-et-exercices-de-gestion-de-crise#breadcrumb","itemListElement":[{"@type":"ListItem","position":1,"name":"Accueil","item":"https://www.preventraide.fr"},{"@type":"ListItem","position":2,"name":"Outils & Ressources","item":"https://www.preventraide.fr/contenus/outils-ressources/"},{"@type":"ListItem","position":3,"name":"Vidéo : pourquoi et comment se préparer à une gestion de crise ?"}]},{"@type":"WebSite","@id":"https://www.preventraide.fr/contenus/#website","url":"https://www.preventraide.fr/contenus/","name":"Preventraide","description":"","potentialAction":[{"@type":"SearchAction","target":{"@type":"EntryPoint","urlTemplate":"https://www.preventraide.fr/contenus/?s={search_term_string}"},"query-input":{"@type":"PropertyValueSpecification","valueRequired":true,"valueName":"search_term_string"}}],"inLanguage":"fr-FR"}]}</script>
<!-- / Yoast SEO plugin. -->

Vidéo : pourquoi et comment se préparer à une gestion de crise ? - Preventraide - Conseils Prévention

Le renouvellement des mandats et le changement d’équipe municipale est une opportunité pour former et sensibiliser les élus et agents des collectivités à la gestion de crise. Découvrez en images comment vous préparer.

Preventraide - Conseils Prévention
