{"id":551,"date":"2021-07-05T14:58:49","date_gmt":"2021-07-05T12:58:49","guid":{"rendered":"https:\/\/www.preventraide.fr\/contenus\/?post_type=fiche&#038;p=551"},"modified":"2024-10-04T16:07:49","modified_gmt":"2024-10-04T14:07:49","slug":"video-du-ministere-de-la-sante-et-sante-publique-france","status":"publish","type":"fiche","link":"https:\/\/www.preventraide.fr\/contenus\/outils-ressources\/video-du-ministere-de-la-sante-et-sante-publique-france\/","title":{"rendered":"Vid\u00e9o : comment se prot\u00e9ger de la chaleur et reconnaitre les signes de d\u00e9shydratation"},"content":{"rendered":"\n<figure class=\"wp-block-embed is-type-video is-provider-youtube wp-block-embed-youtube wp-embed-aspect-16-9 wp-has-aspect-ratio\"><div class=\"wp-block-embed__wrapper\">\n<iframe loading=\"lazy\" title=\"Pr\u00e9vention Canicule\" width=\"500\" height=\"281\" src=\"https:\/\/www.youtube.com\/embed\/_JHv9l5GRxg?feature=oembed\" frameborder=\"0\" allow=\"accelerometer; autoplay; clipboard-write; encrypted-media; gyroscope; picture-in-picture; web-share\" referrerpolicy=\"strict-origin-when-cross-origin\" allowfullscreen><\/iframe>\n<\/div><figcaption class=\"wp-element-caption\">R\u00e9alis\u00e9e par le Minist\u00e8re de la Sant\u00e9 et Sant\u00e9 Publique France.<\/figcaption><\/figure>\n\n\n\n<p>Cette petite vid\u00e9o, vous aidera \u00e0 mieux vous pr\u00e9parer \u00e0 la canicule.<\/p>\n","protected":false},"excerpt":{"rendered":"<p>Cette petite vid\u00e9o, vous aidera \u00e0 mieux vous pr\u00e9parer \u00e0 la canicule.<\/p>\n","protected":false},"featured_media":552,"template":"","meta":{"_acf_changed":true,"inline_featured_image":false,"ghostkit_customizer_options":"","ghostkit_custom_css":"","ghostkit_custom_js_head":"","ghostkit_custom_js_foot":"","ghostkit_typography":""},"support":[12],"class_list":["post-551","fiche","type-fiche","status-publish","has-post-thumbnail","hentry","support-video"],"acf":[],"yoast_head":"<!-- This site is optimized with the Yoast SEO plugin v24.9 - https:\/\/yoast.com\/wordpress\/plugins\/seo\/ -->\n<title>Vid\u00e9o : comment se prot\u00e9ger de la chaleur et reconnaitre les signes de d\u00e9shydratation - Preventraide - Conseils Pr\u00e9vention<\/title>\n<meta name=\"robots\" content=\"index, follow, max-snippet:-1, max-image-preview:large, max-video-preview:-1\" \/>\n<link rel=\"canonical\" href=\"https:\/\/www.preventraide.fr\/contenus\/outils-ressources\/video-du-ministere-de-la-sante-et-sante-publique-france\/\" \/>\n<meta property=\"og:locale\" content=\"fr_FR\" \/>\n<meta property=\"og:type\" content=\"article\" \/>\n<meta property=\"og:title\" content=\"Vid\u00e9o : comment se prot\u00e9ger de la chaleur et reconnaitre les signes de d\u00e9shydratation - Preventraide - Conseils Pr\u00e9vention\" \/>\n<meta property=\"og:description\" content=\"Cette petite vid\u00e9o, vous aidera \u00e0 mieux vous pr\u00e9parer \u00e0 la canicule.\" \/>\n<meta property=\"og:url\" content=\"https:\/\/www.preventraide.fr\/contenus\/outils-ressources\/video-du-ministere-de-la-sante-et-sante-publique-france\/\" \/>\n<meta property=\"og:site_name\" content=\"Preventraide - Conseils Pr\u00e9vention\" \/>\n<meta property=\"article:modified_time\" content=\"2024-10-04T14:07:49+00:00\" \/>\n<meta property=\"og:image\" content=\"https:\/\/www.preventraide.fr\/contenus\/app\/uploads\/2021\/07\/cani.png\" \/>\n\t<meta property=\"og:image:width\" content=\"968\" \/>\n\t<meta property=\"og:image:height\" content=\"472\" \/>\n\t<meta property=\"og:image:type\" content=\"image\/png\" \/>\n<meta name=\"twitter:card\" content=\"summary_large_image\" \/>\n<meta name=\"twitter:label1\" content=\"Est. reading time\" \/>\n\t<meta name=\"twitter:data1\" content=\"1 minute\" \/>\n<script type=\"application\/ld+json\" class=\"yoast-schema-graph\">{\"@context\":\"https:\/\/schema.org\",\"@graph\":[{\"@type\":\"WebPage\",\"@id\":\"https:\/\/www.preventraide.fr\/contenus\/outils-ressources\/video-du-ministere-de-la-sante-et-sante-publique-france\/\",\"url\":\"https:\/\/www.preventraide.fr\/contenus\/outils-ressources\/video-du-ministere-de-la-sante-et-sante-publique-france\/\",\"name\":\"Vid\u00e9o : comment se prot\u00e9ger de la chaleur et reconnaitre les signes de d\u00e9shydratation - Preventraide - Conseils Pr\u00e9vention\",\"isPartOf\":{\"@id\":\"https:\/\/www.preventraide.fr\/contenus\/#website\"},\"primaryImageOfPage\":{\"@id\":\"https:\/\/www.preventraide.fr\/contenus\/outils-ressources\/video-du-ministere-de-la-sante-et-sante-publique-france\/#primaryimage\"},\"image\":{\"@id\":\"https:\/\/www.preventraide.fr\/contenus\/outils-ressources\/video-du-ministere-de-la-sante-et-sante-publique-france\/#primaryimage\"},\"thumbnailUrl\":\"https:\/\/www.preventraide.fr\/contenus\/app\/uploads\/2021\/07\/cani.png\",\"datePublished\":\"2021-07-05T12:58:49+00:00\",\"dateModified\":\"2024-10-04T14:07:49+00:00\",\"breadcrumb\":{\"@id\":\"https:\/\/www.preventraide.fr\/contenus\/outils-ressources\/video-du-ministere-de-la-sante-et-sante-publique-france\/#breadcrumb\"},\"inLanguage\":\"fr-FR\",\"potentialAction\":[{\"@type\":\"ReadAction\",\"target\":[\"https:\/\/www.preventraide.fr\/contenus\/outils-ressources\/video-du-ministere-de-la-sante-et-sante-publique-france\/\"]}]},{\"@type\":\"ImageObject\",\"inLanguage\":\"fr-FR\",\"@id\":\"https:\/\/www.preventraide.fr\/contenus\/outils-ressources\/video-du-ministere-de-la-sante-et-sante-publique-france\/#primaryimage\",\"url\":\"https:\/\/www.preventraide.fr\/contenus\/app\/uploads\/2021\/07\/cani.png\",\"contentUrl\":\"https:\/\/www.preventraide.fr\/contenus\/app\/uploads\/2021\/07\/cani.png\",\"width\":968,\"height\":472},{\"@type\":\"BreadcrumbList\",\"@id\":\"https:\/\/www.preventraide.fr\/contenus\/outils-ressources\/video-du-ministere-de-la-sante-et-sante-publique-france\/#breadcrumb\",\"itemListElement\":[{\"@type\":\"ListItem\",\"position\":1,\"name\":\"Accueil\",\"item\":\"https:\/\/www.preventraide.fr\"},{\"@type\":\"ListItem\",\"position\":2,\"name\":\"Outils & Ressources\",\"item\":\"https:\/\/www.preventraide.fr\/contenus\/outils-ressources\/\"},{\"@type\":\"ListItem\",\"position\":3,\"name\":\"Vid\u00e9o : comment se prot\u00e9ger de la chaleur et reconnaitre les signes de d\u00e9shydratation\"}]},{\"@type\":\"WebSite\",\"@id\":\"https:\/\/www.preventraide.fr\/contenus\/#website\",\"url\":\"https:\/\/www.preventraide.fr\/contenus\/\",\"name\":\"Preventraide\",\"description\":\"\",\"potentialAction\":[{\"@type\":\"SearchAction\",\"target\":{\"@type\":\"EntryPoint\",\"urlTemplate\":\"https:\/\/www.preventraide.fr\/contenus\/?s={search_term_string}\"},\"query-input\":{\"@type\":\"PropertyValueSpecification\",\"valueRequired\":true,\"valueName\":\"search_term_string\"}}],\"inLanguage\":\"fr-FR\"}]}<\/script>\n<!-- \/ Yoast SEO plugin. -->","yoast_head_json":{"title":"Vid\u00e9o : comment se prot\u00e9ger de la chaleur et reconnaitre les signes de d\u00e9shydratation - Preventraide - Conseils Pr\u00e9vention","robots":{"index":"index","follow":"follow","max-snippet":"max-snippet:-1","max-image-preview":"max-image-preview:large","max-video-preview":"max-video-preview:-1"},"canonical":"https:\/\/www.preventraide.fr\/contenus\/outils-ressources\/video-du-ministere-de-la-sante-et-sante-publique-france\/","og_locale":"fr_FR","og_type":"article","og_title":"Vid\u00e9o : comment se prot\u00e9ger de la chaleur et reconnaitre les signes de d\u00e9shydratation - Preventraide - Conseils Pr\u00e9vention","og_description":"Cette petite vid\u00e9o, vous aidera \u00e0 mieux vous pr\u00e9parer \u00e0 la canicule.","og_url":"https:\/\/www.preventraide.fr\/contenus\/outils-ressources\/video-du-ministere-de-la-sante-et-sante-publique-france\/","og_site_name":"Preventraide - Conseils Pr\u00e9vention","article_modified_time":"2024-10-04T14:07:49+00:00","og_image":[{"width":968,"height":472,"url":"https:\/\/www.preventraide.fr\/contenus\/app\/uploads\/2021\/07\/cani.png","type":"image\/png"}],"twitter_card":"summary_large_image","twitter_misc":{"Est. reading time":"1 minute"},"schema":{"@context":"https:\/\/schema.org","@graph":[{"@type":"WebPage","@id":"https:\/\/www.preventraide.fr\/contenus\/outils-ressources\/video-du-ministere-de-la-sante-et-sante-publique-france\/","url":"https:\/\/www.preventraide.fr\/contenus\/outils-ressources\/video-du-ministere-de-la-sante-et-sante-publique-france\/","name":"Vid\u00e9o : comment se prot\u00e9ger de la chaleur et reconnaitre les signes de d\u00e9shydratation - Preventraide - Conseils Pr\u00e9vention","isPartOf":{"@id":"https:\/\/www.preventraide.fr\/contenus\/#website"},"primaryImageOfPage":{"@id":"https:\/\/www.preventraide.fr\/contenus\/outils-ressources\/video-du-ministere-de-la-sante-et-sante-publique-france\/#primaryimage"},"image":{"@id":"https:\/\/www.preventraide.fr\/contenus\/outils-ressources\/video-du-ministere-de-la-sante-et-sante-publique-france\/#primaryimage"},"thumbnailUrl":"https:\/\/www.preventraide.fr\/contenus\/app\/uploads\/2021\/07\/cani.png","datePublished":"2021-07-05T12:58:49+00:00","dateModified":"2024-10-04T14:07:49+00:00","breadcrumb":{"@id":"https:\/\/www.preventraide.fr\/contenus\/outils-ressources\/video-du-ministere-de-la-sante-et-sante-publique-france\/#breadcrumb"},"inLanguage":"fr-FR","potentialAction":[{"@type":"ReadAction","target":["https:\/\/www.preventraide.fr\/contenus\/outils-ressources\/video-du-ministere-de-la-sante-et-sante-publique-france\/"]}]},{"@type":"ImageObject","inLanguage":"fr-FR","@id":"https:\/\/www.preventraide.fr\/contenus\/outils-ressources\/video-du-ministere-de-la-sante-et-sante-publique-france\/#primaryimage","url":"https:\/\/www.preventraide.fr\/contenus\/app\/uploads\/2021\/07\/cani.png","contentUrl":"https:\/\/www.preventraide.fr\/contenus\/app\/uploads\/2021\/07\/cani.png","width":968,"height":472},{"@type":"BreadcrumbList","@id":"https:\/\/www.preventraide.fr\/contenus\/outils-ressources\/video-du-ministere-de-la-sante-et-sante-publique-france\/#breadcrumb","itemListElement":[{"@type":"ListItem","position":1,"name":"Accueil","item":"https:\/\/www.preventraide.fr"},{"@type":"ListItem","position":2,"name":"Outils & Ressources","item":"https:\/\/www.preventraide.fr\/contenus\/outils-ressources\/"},{"@type":"ListItem","position":3,"name":"Vid\u00e9o : comment se prot\u00e9ger de la chaleur et reconnaitre les signes de d\u00e9shydratation"}]},{"@type":"WebSite","@id":"https:\/\/www.preventraide.fr\/contenus\/#website","url":"https:\/\/www.preventraide.fr\/contenus\/","name":"Preventraide","description":"","potentialAction":[{"@type":"SearchAction","target":{"@type":"EntryPoint","urlTemplate":"https:\/\/www.preventraide.fr\/contenus\/?s={search_term_string}"},"query-input":{"@type":"PropertyValueSpecification","valueRequired":true,"valueName":"search_term_string"}}],"inLanguage":"fr-FR"}]}},"_links":{"self":[{"href":"https:\/\/www.preventraide.fr\/contenus\/wp-json\/wp\/v2\/fiche\/551","targetHints":{"allow":["GET"]}}],"collection":[{"href":"https:\/\/www.preventraide.fr\/contenus\/wp-json\/wp\/v2\/fiche"}],"about":[{"href":"https:\/\/www.preventraide.fr\/contenus\/wp-json\/wp\/v2\/types\/fiche"}],"wp:featuredmedia":[{"embeddable":true,"href":"https:\/\/www.preventraide.fr\/contenus\/wp-json\/wp\/v2\/media\/552"}],"wp:attachment":[{"href":"https:\/\/www.preventraide.fr\/contenus\/wp-json\/wp\/v2\/media?parent=551"}],"wp:term":[{"taxonomy":"support","embeddable":true,"href":"https:\/\/www.preventraide.fr\/contenus\/wp-json\/wp\/v2\/support?post=551"}],"curies":[{"name":"wp","href":"https:\/\/api.w.org\/{rel}","templated":true}]}}

Vidéo : comment se protéger de la chaleur et reconnaitre les signes de déshydratation

<figure class="wp-block-embed is-type-video is-provider-youtube wp-block-embed-youtube wp-embed-aspect-16-9 wp-has-aspect-ratio"><div class="wp-block-embed__wrapper">
<iframe loading="lazy" title="Prévention Canicule" width="500" height="281" src="https://www.youtube.com/embed/_JHv9l5GRxg?feature=oembed" frameborder="0" allow="accelerometer; autoplay; clipboard-write; encrypted-media; gyroscope; picture-in-picture; web-share" referrerpolicy="strict-origin-when-cross-origin" allowfullscreen></iframe>
</div><figcaption class="wp-element-caption">Réalisée par le Ministère de la Santé et Santé Publique France.</figcaption></figure>



<p>Cette petite vidéo, vous aidera à mieux vous préparer à la canicule.</p>

<p>Cette petite vidéo, vous aidera à mieux vous préparer à la canicule.</p>

<!-- This site is optimized with the Yoast SEO plugin v24.9 - https://yoast.com/wordpress/plugins/seo/ -->
<title>Vidéo : comment se protéger de la chaleur et reconnaitre les signes de déshydratation - Preventraide - Conseils Prévention</title>
<meta name="robots" content="index, follow, max-snippet:-1, max-image-preview:large, max-video-preview:-1" />
<link rel="canonical" href="https://www.preventraide.fr/contenus/outils-ressources/video-du-ministere-de-la-sante-et-sante-publique-france/" />
<meta property="og:locale" content="fr_FR" />
<meta property="og:type" content="article" />
<meta property="og:title" content="Vidéo : comment se protéger de la chaleur et reconnaitre les signes de déshydratation - Preventraide - Conseils Prévention" />
<meta property="og:description" content="Cette petite vidéo, vous aidera à mieux vous préparer à la canicule." />
<meta property="og:url" content="https://www.preventraide.fr/contenus/outils-ressources/video-du-ministere-de-la-sante-et-sante-publique-france/" />
<meta property="og:site_name" content="Preventraide - Conseils Prévention" />
<meta property="article:modified_time" content="2024-10-04T14:07:49+00:00" />
<meta property="og:image" content="https://www.preventraide.fr/contenus/app/uploads/2021/07/cani.png" />
	<meta property="og:image:width" content="968" />
	<meta property="og:image:height" content="472" />
	<meta property="og:image:type" content="image/png" />
<meta name="twitter:card" content="summary_large_image" />
<meta name="twitter:label1" content="Est. reading time" />
	<meta name="twitter:data1" content="1 minute" />
<script type="application/ld+json" class="yoast-schema-graph">{"@context":"https://schema.org","@graph":[{"@type":"WebPage","@id":"https://www.preventraide.fr/contenus/outils-ressources/video-du-ministere-de-la-sante-et-sante-publique-france/","url":"https://www.preventraide.fr/contenus/outils-ressources/video-du-ministere-de-la-sante-et-sante-publique-france/","name":"Vidéo : comment se protéger de la chaleur et reconnaitre les signes de déshydratation - Preventraide - Conseils Prévention","isPartOf":{"@id":"https://www.preventraide.fr/contenus/#website"},"primaryImageOfPage":{"@id":"https://www.preventraide.fr/contenus/outils-ressources/video-du-ministere-de-la-sante-et-sante-publique-france/#primaryimage"},"image":{"@id":"https://www.preventraide.fr/contenus/outils-ressources/video-du-ministere-de-la-sante-et-sante-publique-france/#primaryimage"},"thumbnailUrl":"https://www.preventraide.fr/contenus/app/uploads/2021/07/cani.png","datePublished":"2021-07-05T12:58:49+00:00","dateModified":"2024-10-04T14:07:49+00:00","breadcrumb":{"@id":"https://www.preventraide.fr/contenus/outils-ressources/video-du-ministere-de-la-sante-et-sante-publique-france/#breadcrumb"},"inLanguage":"fr-FR","potentialAction":[{"@type":"ReadAction","target":["https://www.preventraide.fr/contenus/outils-ressources/video-du-ministere-de-la-sante-et-sante-publique-france/"]}]},{"@type":"ImageObject","inLanguage":"fr-FR","@id":"https://www.preventraide.fr/contenus/outils-ressources/video-du-ministere-de-la-sante-et-sante-publique-france/#primaryimage","url":"https://www.preventraide.fr/contenus/app/uploads/2021/07/cani.png","contentUrl":"https://www.preventraide.fr/contenus/app/uploads/2021/07/cani.png","width":968,"height":472},{"@type":"BreadcrumbList","@id":"https://www.preventraide.fr/contenus/outils-ressources/video-du-ministere-de-la-sante-et-sante-publique-france/#breadcrumb","itemListElement":[{"@type":"ListItem","position":1,"name":"Accueil","item":"https://www.preventraide.fr"},{"@type":"ListItem","position":2,"name":"Outils & Ressources","item":"https://www.preventraide.fr/contenus/outils-ressources/"},{"@type":"ListItem","position":3,"name":"Vidéo : comment se protéger de la chaleur et reconnaitre les signes de déshydratation"}]},{"@type":"WebSite","@id":"https://www.preventraide.fr/contenus/#website","url":"https://www.preventraide.fr/contenus/","name":"Preventraide","description":"","potentialAction":[{"@type":"SearchAction","target":{"@type":"EntryPoint","urlTemplate":"https://www.preventraide.fr/contenus/?s={search_term_string}"},"query-input":{"@type":"PropertyValueSpecification","valueRequired":true,"valueName":"search_term_string"}}],"inLanguage":"fr-FR"}]}</script>
<!-- / Yoast SEO plugin. -->

Vidéo : comment se protéger de la chaleur et reconnaitre les signes de déshydratation - Preventraide - Conseils Prévention

Cette petite vidéo, vous aidera à mieux vous préparer à la canicule.

Preventraide - Conseils Prévention
