{"id":2023,"date":"2025-02-11T09:03:14","date_gmt":"2025-02-11T08:03:14","guid":{"rendered":"https:\/\/www.preventraide.fr\/contenus\/?page_id=2023"},"modified":"2025-02-11T09:05:38","modified_gmt":"2025-02-11T08:05:38","slug":"connaitre-son-territoire-face-aux-risques-majeurs","status":"publish","type":"page","link":"https:\/\/www.preventraide.fr\/contenus\/connaitre-son-territoire-face-aux-risques-majeurs\/","title":{"rendered":"Conna\u00eetre son Territoire face aux Risques Majeurs"},"content":{"rendered":"\n<p>Dans ce chapitre, vous d\u00e9couvrirez des outils et des informations essentielles pour mieux comprendre votre environnement, sa g\u00e9ographie, et la mani\u00e8re dont il est expos\u00e9 aux risques majeurs, notamment les risques climatiques. Cette section a pour objectif de vous fournir les connaissances n\u00e9cessaires pour connaitre la vuln\u00e9rabilit\u00e9 de votre territoire et connaitre les changements \u00e0 adapt\u00e9s n\u00e9cessaire du territoire face \u00e0 ces enjeux.<\/p>\n\n\n\n<h2 class=\"wp-block-heading\" id=\"1-comprendre-la-geographie-de-son-territoire\">1.&nbsp;Comprendre la g\u00e9ographie de son territoire<\/h2>\n\n\n\n<p>La premi\u00e8re \u00e9tape pour se pr\u00e9parer aux risques climatiques consiste \u00e0 bien conna\u00eetre le territoire dans lequel on vit. La g\u00e9ographie joue un r\u00f4le crucial, car elle d\u00e9termine l&rsquo;exposition aux diff\u00e9rents types de risques, tels que les inondations, les temp\u00eates, les feux de for\u00eat ou tremblement de terre.<\/p>\n\n\n\n<p>Dans cette section, nous vous proposons des jeux, des quizz et des sites&nbsp;:&nbsp;<\/p>\n\n\n\n<ul class=\"wp-block-list\">\n<li><strong>Des cartes interactives<\/strong>&nbsp;qui d\u00e9taillent les zones \u00e0 risques sp\u00e9cifiques <em>(zones inondables, risques de feu de for\u00eat, zones soumises aux al\u00e9as climatiques comme les temp\u00eates et les vagues de chaleur).<\/em><\/li>\n\n\n\n<li><strong>Des descriptions g\u00e9ographiques et topographiques<\/strong>&nbsp;pour comprendre comment les caract\u00e9ristiques naturelles <em>(relief, cours d&rsquo;eau, proximit\u00e9 de la mer)<\/em> influencent l&rsquo;impact des \u00e9v\u00e9nements climatiques sur le territoire.<\/li>\n<\/ul>\n\n\n\n<h3 class=\"wp-block-heading\" id=\"les-outils\"><em>Les outils<\/em><\/h3>\n\n\n\n<p>Applications, Jeux en ligne, quizz, vid\u00e9os et site internet de partenaires<\/p>\n\n\n\n<h3 class=\"wp-block-heading\" id=\"les-sites-de-nos-partenaires\"><em>Les sites de nos partenaires&nbsp;:<\/em><\/h3>\n\n\n\n<p><strong>Cartes interactives et g\u00e9ographie locale<\/strong><\/p>\n\n\n\n<ul class=\"wp-block-list\">\n<li><strong>G\u00e9oportail (France m\u00e9tropolitaine et Outre-mer)<\/strong>\n<ul class=\"wp-block-list\">\n<li><strong>Site Web<\/strong>&nbsp;:&nbsp;https:\/\/www.geoportail.gouv.fr<\/li>\n\n\n\n<li><strong>Application<\/strong>&nbsp;:&nbsp;<em>G\u00e9oportail<\/em>&nbsp;(iOS et Android)<\/li>\n\n\n\n<li><strong>Ce que vous trouverez<\/strong>&nbsp;:\n<ul class=\"wp-block-list\">\n<li>Cartes topographiques d\u00e9taill\u00e9es de toute la France, y compris les d\u00e9partements d&rsquo;Outre-mer (DOM) et les collectivit\u00e9s d&rsquo;Outre-mer (COM).<\/li>\n\n\n\n<li>Cartes des risques, du relief, des cours d&rsquo;eau, zones c\u00f4ti\u00e8res, montagnes, et des zones inondables dans toutes les r\u00e9gions, m\u00e9tropolitaines et ultramarines.<\/li>\n\n\n\n<li>Visualisation des impacts potentiels de certains al\u00e9as climatiques comme les temp\u00eates, cyclones ou vagues de chaleur, pour chaque r\u00e9gion.<\/li>\n<\/ul>\n<\/li>\n<\/ul>\n<\/li>\n\n\n\n<li><strong>OpenStreetMap (OSM)<\/strong>\n<ul class=\"wp-block-list\">\n<li><strong>Site Web<\/strong>&nbsp;:&nbsp;<a href=\"https:\/\/www.openstreetmap.org\/\">https:\/\/www.openstreetmap.org<\/a><\/li>\n\n\n\n<li><strong>Application<\/strong>&nbsp;:&nbsp;<em>OpenStreetMap<\/em>&nbsp;(iOS et Android)<\/li>\n\n\n\n<li><strong>Ce que vous trouverez<\/strong>&nbsp;:\n<ul class=\"wp-block-list\">\n<li>Cartographie collaborative d\u00e9taill\u00e9e pour toute la France, y compris les territoires ultramarins.<\/li>\n\n\n\n<li>Carte libre de la g\u00e9ographie locale : relief, infrastructure, v\u00e9g\u00e9tation.<\/li>\n<\/ul>\n<\/li>\n<\/ul>\n<\/li>\n\n\n\n<li><strong>Google Earth<\/strong>\n<ul class=\"wp-block-list\">\n<li><strong>Application<\/strong>&nbsp;:&nbsp;<em>Google Earth<\/em>&nbsp;(iOS et Android)<\/li>\n\n\n\n<li><strong>Ce que vous trouverez<\/strong>&nbsp;:\n<ul class=\"wp-block-list\">\n<li>Visualisation en 3D des terrains et des reliefs dans toutes les r\u00e9gions fran\u00e7aises, y compris les d\u00e9partements et territoires d\u2019Outre-mer.<\/li>\n<\/ul>\n<\/li>\n<\/ul>\n<\/li>\n\n\n\n<li><strong>CARTOMER (Cartographie des risques naturels)<\/strong>\n<ul class=\"wp-block-list\">\n<li><strong>Site Web<\/strong>&nbsp;:&nbsp;<a href=\"https:\/\/www.cartomer.fr\/\">https:\/\/www.cartomer.fr<\/a><\/li>\n\n\n\n<li><strong>Ce que vous trouverez<\/strong>&nbsp;:\n<ul class=\"wp-block-list\">\n<li>Cartes interactives pour toute la France, incluant des informations d\u00e9taill\u00e9es sur les risques naturels dans les territoires d&rsquo;Outre-mer : risques cycloniques, inondations, tremblements de terre.<\/li>\n<\/ul>\n<\/li>\n<\/ul>\n<\/li>\n<\/ul>\n\n\n\n<h2 class=\"wp-block-heading\" id=\"2-les-risques-majeurs-et-leurs-specificites-locales\">2.&nbsp;Les risques majeurs et leurs sp\u00e9cificit\u00e9s locales<\/h2>\n\n\n\n<p>Les risques climatiques varient d&rsquo;une r\u00e9gion \u00e0 l&rsquo;autre en fonction de la situation g\u00e9ographique, du climat local, et de l\u2019urbanisation. Certaines r\u00e9gions peuvent \u00eatre plus expos\u00e9es \u00e0 des ph\u00e9nom\u00e8nes tels que des inondations, des s\u00e9cheresses prolong\u00e9es, ou des vagues de chaleur.<\/p>\n\n\n\n<p>Ici, vous trouverez :<\/p>\n\n\n\n<ul class=\"wp-block-list\">\n<li><strong>Des explications d\u00e9taill\u00e9es sur les diff\u00e9rents types de risques majeurs<\/strong>&nbsp;(inondations, feu de for\u00eat, temp\u00eates, etc.) et comment chaque r\u00e9gion est affect\u00e9e par ces \u00e9v\u00e9nements.<\/li>\n\n\n\n<li><strong>Des statistiques locales<\/strong>&nbsp;sur la fr\u00e9quence et l&rsquo;intensit\u00e9 des \u00e9v\u00e9nements climatiques pass\u00e9s, permettant de mieux comprendre les tendances et de se pr\u00e9parer \u00e0 de futurs \u00e9v\u00e9nements.<\/li>\n<\/ul>\n\n\n\n<h3 class=\"wp-block-heading\" id=\"la-presentation-des-risques\">La pr\u00e9sentation des risques&nbsp;<\/h3>\n\n\n\n<p><em>Voir document \u00ab&nbsp;les diff\u00e9rents risques&nbsp;\u00bb<\/em><\/p>\n\n\n\n<h3 class=\"wp-block-heading\" id=\"les-outils\">Les outils<\/h3>\n\n\n\n<p>Applications, Jeux en ligne, quizz, vid\u00e9os et site internet de partenaires<\/p>\n\n\n\n<h3 class=\"wp-block-heading\" id=\"les-sites-des-partenaires\"><em>Les sites des partenaires<\/em><\/h3>\n\n\n\n<ul class=\"wp-block-list\">\n<li><strong>Risque-majeur.gouv.fr<\/strong>\n<ul class=\"wp-block-list\">\n<li><strong>Site Web<\/strong>&nbsp;:&nbsp;https:\/\/www.risque-majeur.gouv.fr<\/li>\n\n\n\n<li><strong>Ce que vous trouverez<\/strong>&nbsp;:\n<ul class=\"wp-block-list\">\n<li>Explications d\u00e9taill\u00e9es sur les diff\u00e9rents risques (inondations, temp\u00eates, s\u00e9ismes, s\u00e9cheresse, incendies, cyclones, etc.).<\/li>\n\n\n\n<li>Informations pour la m\u00e9tropole et les territoires d&rsquo;Outre-mer, avec des cartes et des fiches d\u00e9taillant les risques climatiques sp\u00e9cifiques \u00e0 chaque r\u00e9gion.<\/li>\n\n\n\n<li>Historique des catastrophes majeures pass\u00e9es en m\u00e9tropole et en Outre-mer.<\/li>\n<\/ul>\n<\/li>\n<\/ul>\n<\/li>\n<\/ul>\n\n\n\n<ul class=\"wp-block-list\">\n<li><strong>Aux Alentours par MAIF<\/strong>\u00a0\u00bb est un outil en ligne gratuit et intuitif con\u00e7u pour aider les citoyens \u00e0 \u00e9valuer et prot\u00e9ger leur habitation face aux risques climatiques.&nbsp;<a href=\"https:\/\/auxalentours.maif.fr\/?utm_source=chatgpt.com\">Aux Alentours par MAIF<\/a>\n<ul class=\"wp-block-list\">\n<li>En saisissant une adresse postale, les utilisateurs peuvent obtenir des informations sures :<\/li>\n\n\n\n<li><strong>Les al\u00e9as naturels<\/strong>&nbsp;: exposition aux risques tels que les inondations, la s\u00e9cheresse, les mouvements de terrain, etc.<\/li>\n\n\n\n<li><strong>Les services de proximit\u00e9<\/strong>&nbsp;: localisation des commerces, \u00e9coles, infrastructures culturelles et de mobilit\u00e9 aux alentours.<\/li>\n\n\n\n<li><strong>Le march\u00e9 immobilier<\/strong>&nbsp;: estimation des prix de l&rsquo;immobilier dans la zone concern\u00e9e.<\/li>\n\n\n\n<li>L&rsquo;outil compile des donn\u00e9es ouvertes provenant de sources telles que G\u00e9oRisques, data.gouv.fr, l&rsquo;IGN, OpenStreetMap, CyclOSM, le BRGM, la DGAC, ainsi que des donn\u00e9es internes \u00e0 la MAIF.&nbsp;<\/li>\n\n\n\n<li>De plus, \u00ab\u00a0Aux Alentours par MAIF\u00a0\u00bb propose des quiz interactifs pour tester les connaissances des utilisateurs en mati\u00e8re de pr\u00e9vention des risques naturels, offrant ainsi des conseils pratiques pour limiter les cons\u00e9quences de ces al\u00e9as.&nbsp;<\/li>\n<\/ul>\n<\/li>\n<\/ul>\n\n\n\n<ul class=\"wp-block-list\">\n<li><strong>M\u00e9t\u00e9o-France<\/strong>\n<ul class=\"wp-block-list\">\n<li><strong>Site Web<\/strong>&nbsp;:&nbsp;<a href=\"https:\/\/www.meteofrance.com\/\">https:\/\/www.meteofrance.com<\/a><\/li>\n\n\n\n<li><strong>Application<\/strong>&nbsp;:&nbsp;<em>M\u00e9t\u00e9o-France<\/em>&nbsp;(iOS et Android)<\/li>\n\n\n\n<li><strong>Ce que vous trouverez<\/strong>&nbsp;:\n<ul class=\"wp-block-list\">\n<li>Alertes et pr\u00e9visions m\u00e9t\u00e9orologiques locales pour la France m\u00e9tropolitaine et les DOM (Guadeloupe, Martinique, R\u00e9union, etc.).<\/li>\n\n\n\n<li>Suivi en temps r\u00e9el des ph\u00e9nom\u00e8nes climatiques extr\u00eames : cyclones, temp\u00eates, vagues de chaleur, risques d\u2019inondation, etc.<\/li>\n\n\n\n<li>Statistiques sur la fr\u00e9quence et l\u2019intensit\u00e9 des \u00e9v\u00e9nements climatiques dans chaque zone.<\/li>\n<\/ul>\n<\/li>\n<\/ul>\n<\/li>\n\n\n\n<li><strong>Vigicrues (Risques d\u2019inondation)<\/strong>\n<ul class=\"wp-block-list\">\n<li><strong>Site Web<\/strong>&nbsp;:&nbsp;https:\/\/www.vigicrues.gouv.fr<\/li>\n\n\n\n<li><strong>Ce que vous trouverez<\/strong>&nbsp;:\n<ul class=\"wp-block-list\">\n<li>Suivi des risques d&rsquo;inondation, applicable pour les d\u00e9partements m\u00e9tropolitains et ultramarins.<\/li>\n\n\n\n<li>Cartes et alertes en temps r\u00e9el sur l\u2019\u00e9volution des niveaux d\u2019eau dans les zones riveraines.<\/li>\n<\/ul>\n<\/li>\n<\/ul>\n<\/li>\n\n\n\n<li><strong>Cyclone Dossier (risques cycloniques en Outre-mer)<\/strong>\n<ul class=\"wp-block-list\">\n<li><strong>Site Web<\/strong>&nbsp;:&nbsp;<a href=\"https:\/\/www.cyclone-dossier.fr\/\">https:\/\/www.cyclone-dossier.fr<\/a><\/li>\n\n\n\n<li><strong>Ce que vous trouverez<\/strong>&nbsp;:\n<ul class=\"wp-block-list\">\n<li>Informations sp\u00e9cifiques sur les risques cycloniques, particuli\u00e8rement pour les DOM comme la Guadeloupe, la Martinique, La R\u00e9union, etc.<\/li>\n\n\n\n<li>Historique des cyclones pass\u00e9s, suivi en temps r\u00e9el et pr\u00e9visions.<\/li>\n<\/ul>\n<\/li>\n<\/ul>\n<\/li>\n<\/ul>\n\n\n\n<h2 class=\"wp-block-heading\" id=\"3-outils-pour-evaluer-les-risques-sur-votre-territoire\">3.&nbsp;Outils pour \u00e9valuer les risques sur votre territoire<\/h2>\n\n\n\n<p>Pour anticiper les risques climatiques, il est essentiel de disposer d&rsquo;outils adapt\u00e9s. Nous vous mettons \u00e0 disposition :<\/p>\n\n\n\n<ul class=\"wp-block-list\">\n<li><strong>Des applications et plateformes en ligne<\/strong>&nbsp;permettant de visualiser les risques sp\u00e9cifiques \u00e0 votre zone g\u00e9ographique (inondations, incendies, temp\u00eates).<\/li>\n\n\n\n<li><strong>Les Plans de Pr\u00e9vention des Risques (PPR)<\/strong>&nbsp;: Ces documents officiels d\u00e9finissent les zones \u00e0 risques et les mesures \u00e0 prendre pour limiter l\u2019impact des \u00e9v\u00e9nements climatiques.<\/li>\n\n\n\n<li><strong>Les alertes m\u00e9t\u00e9o et les syst\u00e8mes d\u2019alerte locaux<\/strong>&nbsp;pour suivre les \u00e9volutions en temps r\u00e9el.<\/li>\n<\/ul>\n\n\n\n<h3 class=\"wp-block-heading\" id=\"les-outils\">Les outils<\/h3>\n\n\n\n<ul class=\"wp-block-list\">\n<li>Applications, Jeux en ligne, quizz, vid\u00e9os et site internet de partenaires<\/li>\n<\/ul>\n\n\n\n<h3 class=\"wp-block-heading\" id=\"les-sites-internet-de-nos-partenaires\"><em>Les sites internet de nos partenaires<\/em><\/h3>\n\n\n\n<ul class=\"wp-block-list\">\n<li><strong>G\u00e9oportail (France m\u00e9tropolitaine et Outre-mer)<\/strong>\n<ul class=\"wp-block-list\">\n<li><strong>Site Web<\/strong>&nbsp;:&nbsp;https:\/\/www.geoportail.gouv.fr<\/li>\n\n\n\n<li><strong>Application<\/strong>&nbsp;:&nbsp;<em>G\u00e9oportail<\/em>&nbsp;(iOS et Android)<\/li>\n\n\n\n<li><strong>Ce que vous trouverez<\/strong>&nbsp;:\n<ul class=\"wp-block-list\">\n<li>Cartes des risques \u00e0 l\u2019\u00e9chelle locale et r\u00e9gionale, y compris pour les d\u00e9partements d&rsquo;Outre-mer.<\/li>\n\n\n\n<li>Cartes d\u2019occupation des sols, de vuln\u00e9rabilit\u00e9 aux risques (inondation, feu de for\u00eat, etc.).<\/li>\n<\/ul>\n<\/li>\n<\/ul>\n<\/li>\n\n\n\n<li><strong>PAPI (Programme d\u2019Actions de Pr\u00e9vention des Inondations)<\/strong>\n<ul class=\"wp-block-list\">\n<li><strong>Site Web<\/strong>&nbsp;:&nbsp;<a href=\"https:\/\/www.papi.fr\/\">https:\/\/www.papi.fr<\/a><\/li>\n\n\n\n<li><strong>Ce que vous trouverez<\/strong>&nbsp;:\n<ul class=\"wp-block-list\">\n<li>Outils et plans sp\u00e9cifiques \u00e0 chaque territoire pour la pr\u00e9vention des inondations en m\u00e9tropole et dans les territoires ultramarins.<\/li>\n\n\n\n<li>Consultations des documents officiels des PAPI sur les mesures \u00e0 prendre.<\/li>\n<\/ul>\n<\/li>\n<\/ul>\n<\/li>\n\n\n\n<li><strong>Plateforme de l\u2019INPN (Inventaire National du Patrimoine Naturel)<\/strong>\n<ul class=\"wp-block-list\">\n<li><strong>Site Web<\/strong>&nbsp;:&nbsp;https:\/\/inpn.mnhn.fr<\/li>\n\n\n\n<li><strong>Ce que vous trouverez<\/strong>&nbsp;:\n<ul class=\"wp-block-list\">\n<li>Informations sur la biodiversit\u00e9 et les \u00e9cosyst\u00e8mes locaux, y compris les risques li\u00e9s \u00e0 la perte de biodiversit\u00e9 dans les zones vuln\u00e9rables, en m\u00e9tropole et en Outre-mer.<\/li>\n<\/ul>\n<\/li>\n<\/ul>\n<\/li>\n<\/ul>\n\n\n\n<p><strong>Consultation des Plans de Pr\u00e9vention des Risques (PPR)<\/strong><\/p>\n\n\n\n<ul class=\"wp-block-list\">\n<li><strong>Risque-majeur.gouv.fr<\/strong>\n<ul class=\"wp-block-list\">\n<li><strong>Site Web<\/strong>&nbsp;:&nbsp;https:\/\/www.risque-majeur.gouv.fr<\/li>\n\n\n\n<li><strong>Ce que vous trouverez<\/strong>&nbsp;:\n<ul class=\"wp-block-list\">\n<li>Acc\u00e8s aux Plans de Pr\u00e9vention des Risques (PPR) pour toutes les r\u00e9gions, incluant la m\u00e9tropole et les DOM-TOM.<\/li>\n\n\n\n<li>Informations sur les zones de risques et les mesures sp\u00e9cifiques \u00e0 prendre dans les PPR.<\/li>\n<\/ul>\n<\/li>\n<\/ul>\n<\/li>\n\n\n\n<li><strong>Plateforme des risques industriels (Technologiques et naturels)<\/strong>\n<ul class=\"wp-block-list\">\n<li><strong>Site Web<\/strong>&nbsp;:&nbsp;https:\/\/www.risque-majeur.gouv.fr<\/li>\n\n\n\n<li><strong>Ce que vous trouverez<\/strong>&nbsp;:\n<ul class=\"wp-block-list\">\n<li>Documents d&rsquo;urbanisme et Plans de Pr\u00e9vention des Risques Technologiques (PPRT) pour les territoires m\u00e9tropolitains et ultramarins.<\/li>\n<\/ul>\n<\/li>\n<\/ul>\n<\/li>\n<\/ul>\n\n\n\n<p><strong>Alertes m\u00e9t\u00e9o et syst\u00e8mes d\u2019alerte locaux<\/strong><\/p>\n\n\n\n<ul class=\"wp-block-list\">\n<li><strong>Vigicrues (Inondations en temps r\u00e9el)<\/strong>\n<ul class=\"wp-block-list\">\n<li><strong>Site Web<\/strong>&nbsp;:&nbsp;https:\/\/www.vigicrues.gouv.fr<\/li>\n\n\n\n<li><strong>Ce que vous trouverez<\/strong>&nbsp;:\n<ul class=\"wp-block-list\">\n<li>Syst\u00e8me d&rsquo;alerte en temps r\u00e9el pour les inondations et les niveaux d&rsquo;eau dans les rivi\u00e8res et les zones c\u00f4ti\u00e8res.<\/li>\n<\/ul>\n<\/li>\n<\/ul>\n<\/li>\n\n\n\n<li><strong>Alertes M\u00e9t\u00e9o France (Cyclones, Temp\u00eates, Canicules)<\/strong>\n<ul class=\"wp-block-list\">\n<li><strong>Site Web<\/strong>&nbsp;:&nbsp;<a href=\"https:\/\/www.meteofrance.com\/\">https:\/\/www.meteofrance.com<\/a><\/li>\n\n\n\n<li><strong>Application<\/strong>&nbsp;:&nbsp;<em>M\u00e9t\u00e9o-France<\/em>&nbsp;(iOS et Android)<\/li>\n\n\n\n<li><strong>Ce que vous trouverez<\/strong>&nbsp;:\n<ul class=\"wp-block-list\">\n<li>Alertes sp\u00e9cifiques pour chaque r\u00e9gion, incluant les d\u00e9partements et territoires d\u2019Outre-mer.<\/li>\n\n\n\n<li>Notifications concernant les alertes m\u00e9t\u00e9orologiques locales : cyclones, temp\u00eates, vagues de chaleur, canicules, etc.<\/li>\n<\/ul>\n<\/li>\n<\/ul>\n<\/li>\n<\/ul>\n\n\n\n<p>Voir les sites vus lors de la conf\u00e9rence du 5 d\u00e9cembre (alerte cata, etc.)<\/p>\n","protected":false},"excerpt":{"rendered":"<p>Dans ce chapitre, vous d\u00e9couvrirez des outils et des informations essentielles pour mieux comprendre votre environnement, sa g\u00e9ographie, et la mani\u00e8re dont il est expos\u00e9 aux risques majeurs, notamment les risques climatiques. Cette section a pour objectif de vous fournir les connaissances n\u00e9cessaires pour connaitre la vuln\u00e9rabilit\u00e9 de votre territoire et connaitre les changements \u00e0 [&hellip;]<\/p>\n","protected":false},"author":1,"featured_media":0,"parent":0,"menu_order":0,"comment_status":"closed","ping_status":"closed","template":"","meta":{"_acf_changed":false,"inline_featured_image":false,"ghostkit_customizer_options":"","ghostkit_custom_css":"","ghostkit_custom_js_head":"","ghostkit_custom_js_foot":"","ghostkit_typography":"","footnotes":""},"class_list":["post-2023","page","type-page","status-publish","hentry"],"acf":[],"yoast_head":"<!-- This site is optimized with the Yoast SEO plugin v24.9 - https:\/\/yoast.com\/wordpress\/plugins\/seo\/ -->\n<title>Conna\u00eetre son Territoire face aux Risques Majeurs - Preventraide - Conseils Pr\u00e9vention<\/title>\n<meta name=\"robots\" content=\"index, follow, max-snippet:-1, max-image-preview:large, max-video-preview:-1\" \/>\n<link rel=\"canonical\" href=\"https:\/\/www.preventraide.fr\/contenus\/connaitre-son-territoire-face-aux-risques-majeurs\/\" \/>\n<meta property=\"og:locale\" content=\"fr_FR\" \/>\n<meta property=\"og:type\" content=\"article\" \/>\n<meta property=\"og:title\" content=\"Conna\u00eetre son Territoire face aux Risques Majeurs - Preventraide - Conseils Pr\u00e9vention\" \/>\n<meta property=\"og:description\" content=\"Dans ce chapitre, vous d\u00e9couvrirez des outils et des informations essentielles pour mieux comprendre votre environnement, sa g\u00e9ographie, et la mani\u00e8re dont il est expos\u00e9 aux risques majeurs, notamment les risques climatiques. Cette section a pour objectif de vous fournir les connaissances n\u00e9cessaires pour connaitre la vuln\u00e9rabilit\u00e9 de votre territoire et connaitre les changements \u00e0 [&hellip;]\" \/>\n<meta property=\"og:url\" content=\"https:\/\/www.preventraide.fr\/contenus\/connaitre-son-territoire-face-aux-risques-majeurs\/\" \/>\n<meta property=\"og:site_name\" content=\"Preventraide - Conseils Pr\u00e9vention\" \/>\n<meta property=\"article:modified_time\" content=\"2025-02-11T08:05:38+00:00\" \/>\n<meta name=\"twitter:card\" content=\"summary_large_image\" \/>\n<meta name=\"twitter:label1\" content=\"Est. reading time\" \/>\n\t<meta name=\"twitter:data1\" content=\"7 minutes\" \/>\n<script type=\"application\/ld+json\" class=\"yoast-schema-graph\">{\"@context\":\"https:\/\/schema.org\",\"@graph\":[{\"@type\":\"WebPage\",\"@id\":\"https:\/\/www.preventraide.fr\/contenus\/connaitre-son-territoire-face-aux-risques-majeurs\/\",\"url\":\"https:\/\/www.preventraide.fr\/contenus\/connaitre-son-territoire-face-aux-risques-majeurs\/\",\"name\":\"Conna\u00eetre son Territoire face aux Risques Majeurs - Preventraide - Conseils Pr\u00e9vention\",\"isPartOf\":{\"@id\":\"https:\/\/www.preventraide.fr\/contenus\/#website\"},\"datePublished\":\"2025-02-11T08:03:14+00:00\",\"dateModified\":\"2025-02-11T08:05:38+00:00\",\"breadcrumb\":{\"@id\":\"https:\/\/www.preventraide.fr\/contenus\/connaitre-son-territoire-face-aux-risques-majeurs\/#breadcrumb\"},\"inLanguage\":\"fr-FR\",\"potentialAction\":[{\"@type\":\"ReadAction\",\"target\":[\"https:\/\/www.preventraide.fr\/contenus\/connaitre-son-territoire-face-aux-risques-majeurs\/\"]}]},{\"@type\":\"BreadcrumbList\",\"@id\":\"https:\/\/www.preventraide.fr\/contenus\/connaitre-son-territoire-face-aux-risques-majeurs\/#breadcrumb\",\"itemListElement\":[{\"@type\":\"ListItem\",\"position\":1,\"name\":\"Accueil\",\"item\":\"https:\/\/www.preventraide.fr\"},{\"@type\":\"ListItem\",\"position\":2,\"name\":\"Conna\u00eetre son Territoire face aux Risques Majeurs\"}]},{\"@type\":\"WebSite\",\"@id\":\"https:\/\/www.preventraide.fr\/contenus\/#website\",\"url\":\"https:\/\/www.preventraide.fr\/contenus\/\",\"name\":\"Preventraide\",\"description\":\"\",\"potentialAction\":[{\"@type\":\"SearchAction\",\"target\":{\"@type\":\"EntryPoint\",\"urlTemplate\":\"https:\/\/www.preventraide.fr\/contenus\/?s={search_term_string}\"},\"query-input\":{\"@type\":\"PropertyValueSpecification\",\"valueRequired\":true,\"valueName\":\"search_term_string\"}}],\"inLanguage\":\"fr-FR\"}]}<\/script>\n<!-- \/ Yoast SEO plugin. -->","yoast_head_json":{"title":"Conna\u00eetre son Territoire face aux Risques Majeurs - Preventraide - Conseils Pr\u00e9vention","robots":{"index":"index","follow":"follow","max-snippet":"max-snippet:-1","max-image-preview":"max-image-preview:large","max-video-preview":"max-video-preview:-1"},"canonical":"https:\/\/www.preventraide.fr\/contenus\/connaitre-son-territoire-face-aux-risques-majeurs\/","og_locale":"fr_FR","og_type":"article","og_title":"Conna\u00eetre son Territoire face aux Risques Majeurs - Preventraide - Conseils Pr\u00e9vention","og_description":"Dans ce chapitre, vous d\u00e9couvrirez des outils et des informations essentielles pour mieux comprendre votre environnement, sa g\u00e9ographie, et la mani\u00e8re dont il est expos\u00e9 aux risques majeurs, notamment les risques climatiques. Cette section a pour objectif de vous fournir les connaissances n\u00e9cessaires pour connaitre la vuln\u00e9rabilit\u00e9 de votre territoire et connaitre les changements \u00e0 [&hellip;]","og_url":"https:\/\/www.preventraide.fr\/contenus\/connaitre-son-territoire-face-aux-risques-majeurs\/","og_site_name":"Preventraide - Conseils Pr\u00e9vention","article_modified_time":"2025-02-11T08:05:38+00:00","twitter_card":"summary_large_image","twitter_misc":{"Est. reading time":"7 minutes"},"schema":{"@context":"https:\/\/schema.org","@graph":[{"@type":"WebPage","@id":"https:\/\/www.preventraide.fr\/contenus\/connaitre-son-territoire-face-aux-risques-majeurs\/","url":"https:\/\/www.preventraide.fr\/contenus\/connaitre-son-territoire-face-aux-risques-majeurs\/","name":"Conna\u00eetre son Territoire face aux Risques Majeurs - Preventraide - Conseils Pr\u00e9vention","isPartOf":{"@id":"https:\/\/www.preventraide.fr\/contenus\/#website"},"datePublished":"2025-02-11T08:03:14+00:00","dateModified":"2025-02-11T08:05:38+00:00","breadcrumb":{"@id":"https:\/\/www.preventraide.fr\/contenus\/connaitre-son-territoire-face-aux-risques-majeurs\/#breadcrumb"},"inLanguage":"fr-FR","potentialAction":[{"@type":"ReadAction","target":["https:\/\/www.preventraide.fr\/contenus\/connaitre-son-territoire-face-aux-risques-majeurs\/"]}]},{"@type":"BreadcrumbList","@id":"https:\/\/www.preventraide.fr\/contenus\/connaitre-son-territoire-face-aux-risques-majeurs\/#breadcrumb","itemListElement":[{"@type":"ListItem","position":1,"name":"Accueil","item":"https:\/\/www.preventraide.fr"},{"@type":"ListItem","position":2,"name":"Conna\u00eetre son Territoire face aux Risques Majeurs"}]},{"@type":"WebSite","@id":"https:\/\/www.preventraide.fr\/contenus\/#website","url":"https:\/\/www.preventraide.fr\/contenus\/","name":"Preventraide","description":"","potentialAction":[{"@type":"SearchAction","target":{"@type":"EntryPoint","urlTemplate":"https:\/\/www.preventraide.fr\/contenus\/?s={search_term_string}"},"query-input":{"@type":"PropertyValueSpecification","valueRequired":true,"valueName":"search_term_string"}}],"inLanguage":"fr-FR"}]}},"_links":{"self":[{"href":"https:\/\/www.preventraide.fr\/contenus\/wp-json\/wp\/v2\/pages\/2023","targetHints":{"allow":["GET"]}}],"collection":[{"href":"https:\/\/www.preventraide.fr\/contenus\/wp-json\/wp\/v2\/pages"}],"about":[{"href":"https:\/\/www.preventraide.fr\/contenus\/wp-json\/wp\/v2\/types\/page"}],"author":[{"embeddable":true,"href":"https:\/\/www.preventraide.fr\/contenus\/wp-json\/wp\/v2\/users\/1"}],"replies":[{"embeddable":true,"href":"https:\/\/www.preventraide.fr\/contenus\/wp-json\/wp\/v2\/comments?post=2023"}],"version-history":[{"count":2,"href":"https:\/\/www.preventraide.fr\/contenus\/wp-json\/wp\/v2\/pages\/2023\/revisions"}],"predecessor-version":[{"id":2026,"href":"https:\/\/www.preventraide.fr\/contenus\/wp-json\/wp\/v2\/pages\/2023\/revisions\/2026"}],"wp:attachment":[{"href":"https:\/\/www.preventraide.fr\/contenus\/wp-json\/wp\/v2\/media?parent=2023"}],"curies":[{"name":"wp","href":"https:\/\/api.w.org\/{rel}","templated":true}]}}