{"id":6,"date":"2021-03-08T18:23:11","date_gmt":"2021-03-08T17:23:11","guid":{"rendered":"http:\/\/www.preventraide.fr\/contenus\/index.php\/informations-legale\/"},"modified":"2026-02-12T16:25:53","modified_gmt":"2026-02-12T15:25:53","slug":"informations-legale","status":"publish","type":"page","link":"https:\/\/www.preventraide.fr\/contenus\/informations-legale\/","title":{"rendered":"Mentions l\u00e9gales"},"content":{"rendered":"\n<h2 class=\"wp-block-heading\" id=\"objet\">OBJET<\/h2>\n\n\n\n<p>Le Site Internet Pr\u00e9vEntraide a pour objet de proposer aux internautes et \u00e0 ses utilisateurs, impact\u00e9s par des Ev\u00e9nements Exceptionnels (exemple catastrophe naturelle), des services gratuits g\u00e9o localis\u00e9s,&nbsp;la mise en relation entre les Utilisateurs impact\u00e9s et ceux proposant leur aide ainsi que la mise \u00e0 disposition d\u2019informations autour de&nbsp;la pr\u00e9vention des risques naturels.&nbsp;<\/p>\n\n\n\n<p>Le Site Internet Pr\u00e9vEntraide est d\u2019acc\u00e8s libre et gratuit \u00e0 tout internaute.<\/p>\n\n\n\n<h2 class=\"wp-block-heading\" id=\"editeur\">EDITEUR<\/h2>\n\n\n\n<p>Le site internet Pr\u00e9vEntraide accessible via l\u2019URL&nbsp;www.preventraide.fr, est \u00e9dit\u00e9 par l\u2019association Pr\u00e9vention&nbsp;MAIF,&nbsp;association loi de 1901.<\/p>\n\n\n\n<h2 class=\"wp-block-heading\" id=\"directeur-de-la-publication\">DIRECTEUR DE LA PUBLICATION<\/h2>\n\n\n\n<p>Directeur de la publication : Thierry Monminoux, pr\u00e9sident de l\u2019association Pr\u00e9vention&nbsp;MAIF.<\/p>\n\n\n\n<p>Responsable du site : Nicolas COURJAUD, directeur de l\u2019association Pr\u00e9vention MAIF<\/p>\n\n\n\n<h2 class=\"wp-block-heading\" id=\"hebergement-du-site\">H\u00c9BERGEMENT DU SITE<\/h2>\n\n\n\n<p>Le Site est h\u00e9berg\u00e9 par Clever Cloud, soci\u00e9t\u00e9 immatricul\u00e9e au RCS de Nantes sous le num\u00e9ro B 524&nbsp;172&nbsp;699&nbsp;et dont le si\u00e8ge social est situ\u00e9 3&nbsp;rue de l\u2019Allier, 44000&nbsp;Nantes.<\/p>\n\n\n\n<h2 class=\"wp-block-heading\" id=\"contact\">CONTACT<\/h2>\n\n\n\n<p>L\u2019utilisateur peut joindre l&rsquo;association Pr\u00e9vention MAIF aux coordonn\u00e9es suivantes :<\/p>\n\n\n\n<p>275 rue du Stade, 79180 CHAURAY<br>Adresse \u00e9lectronique : asso.prevention@maif.fr<\/p>\n\n\n\n<h2 class=\"wp-block-heading\">CREDITS PHOTO<\/h2>\n\n\n\n<p>Alex GIRAUD\/MAIF<br>Benjamin Croizet \/MAIF<br>Camy VERRIER \/MAIF<br>C\u00e9dric Dubus\/MAIF<br>Corine BRISBOIS \/ MAIF<br>DARRI<br>DARRI-ALEX \/ MAIF<br>David Le Tellier \/MAIF<br>Denis Meyer \/MAIF<br>Edouard Bride\/MAIF<br>Edouard Richard\/MAIF<br>Edwin Huss \/ MAIF<br>Guillaume Chauvin\/MAIF<br>Guillaume H\u00e9raud \/MAIF<br>Guillaume Krebs\/MAIF<br>HinterhausProductions-GettyImages<br>Idriss Bigou-Gilles\/MAIF<br>Julien Goldstein \/MAIF<br>Julien Masson \/MAIF<br>Lilian Cazabet\/MAIF<br>Lucy Lambriex-GettyImages<br>Luis Alvarez- GettyImages<br>Maite Baldi\/MAIF<br>Martin-dm\/ GettyImages<br>Mathieu Thomasset \/MAIF<br>Maxence Lamouret \/ MAIF<br>M\u00e9lanie Chaigneau \/ MAIF<br>Nanda Gonzague\/MAIF<br>Nicolas DOHR \/ MAIF<br>Nicolas DOHR \/ Studio MAIF<br>Photos du Studio MAIF\/MAIF<br>Rawpixel_GettyImages<br>Rodolphe ESCHER \/ MAIF<br>SDIProduction_Gettyimages<br>Sarah WITT\/MAIF<br>Stephane Ferrer Yulianti\/MAIF<br><\/p>\n\n\n\n<p><\/p>\n\n\n\n<h2 class=\"wp-block-heading\" id=\"responsabilites\">RESPONSABILIT\u00c9S<\/h2>\n\n\n\n<p>Pr\u00e9vention&nbsp;&nbsp;MAIF met tout en \u0153uvre pour offrir aux utilisateurs de ce site des informations, services et outils disponibles et conformes \u00e0 la r\u00e9glementation. Cependant elle ne saurait \u00eatre tenue responsable d\u2019une absence de disponibilit\u00e9 de ce site Internet et des services qu\u2019il propose, ou de la pr\u00e9sence de virus. Pour toute difficult\u00e9, nous vous remercions de bien vouloir nous contacter \u00e0 l\u2019adresse suivante : asso.prevention@maif.fr.<\/p>\n\n\n\n<h2 class=\"wp-block-heading\" id=\"cookies\">COOKIES<\/h2>\n\n\n\n<p>Lors de l\u2019arriv\u00e9e de l\u2019Utilisateur sur le Site, plusieurs cookies sont install\u00e9s sur le disque dur de l\u2019Utilisateur. Ces cookies sont de petits fichiers textes, qui ne peuvent pas cacher de virus ou \u00eatre ex\u00e9cut\u00e9s. Ils ne contiennent pas de donn\u00e9es personnelles et ne peuvent \u00eatre lus que par les serveurs de preventraide.fr.<\/p>\n\n\n\n<p>Leur pr\u00e9sence permet de :<\/p>\n\n\n\n<ul class=\"wp-block-list\">\n<li>g\u00e9rer correctement la session de navigation de l\u2019Utilisateur<\/li>\n\n\n\n<li>m\u00e9moriser les param\u00e8tres d\u2019affichage effectu\u00e9s sur le site<\/li>\n\n\n\n<li>recueillir les statistiques d\u2019usage pour am\u00e9liorer la qualit\u00e9 du site<\/li>\n<\/ul>\n\n\n\n<p>L\u2019Utilisateur dispose d\u2019informations suppl\u00e9mentaires en cliquant sur le lien ci-dessous ou sur le site de la Cnil \u00e0 l\u2019adresse www.cnil.fr en utilisant le mot cl\u00e9 \u00ab cookies \u00bb dans les moteurs de recherche :<\/p>\n\n\n\n<p><a href=\"https:\/\/www.maif.fr\/annexes\/mentions-legales\/gestion-cookies.html\" target=\"_blank\" rel=\"noreferrer noopener\">En savoir plus sur la gestion des cookies<\/a><\/p>\n\n\n\n<h2 class=\"wp-block-heading\" id=\"liens-hypertextes\">LIENS HYPERTEXTES<\/h2>\n\n\n\n<p>Le site preventraide.fr peut offrir des liens vers d\u2019autres sites \u00e0 titre de commodit\u00e9. Pr\u00e9vention&nbsp;MAIF ne peut en aucun cas \u00eatre tenue responsable du contenu de ces sites. La mise en place d\u2019un lien hypertexte depuis un autre site Internet vers le site preventraide.fr doit faire l\u2019objet d\u2019une autorisation pr\u00e9alable.<\/p>\n\n\n\n<h2 class=\"wp-block-heading\" id=\"propriete-intellectuelle\">PROPRI\u00c9T\u00c9 INTELLECTUELLE<\/h2>\n\n\n\n<p>Le contenu de ce site Web est la propri\u00e9t\u00e9 de Pr\u00e9vention&nbsp;MAIF. Vous avez l\u2019autorisation de consulter les donn\u00e9es qu\u2019il contient pour votre seule utilisation personnelle non commerciale, ce qui exclut toute exploitation commerciale \u00e0 un niveau local, national ou international. Notamment, aucun logo, texte, son, graphique ou image contenus dans le site ne pourrait \u00eatre copi\u00e9, reproduit, modifi\u00e9, publi\u00e9, \u00e9mis, post\u00e9, transmis ou distribu\u00e9 par quelques moyens que ce soit sans l\u2019autorisation pr\u00e9alable \u00e9crite de Pr\u00e9vention MAIF.<\/p>\n","protected":false},"excerpt":{"rendered":"<p>OBJET Le Site Internet Pr\u00e9vEntraide a pour objet de proposer aux internautes et \u00e0 ses utilisateurs, impact\u00e9s par des Ev\u00e9nements Exceptionnels (exemple catastrophe naturelle), des services gratuits g\u00e9o localis\u00e9s,&nbsp;la mise en relation entre les Utilisateurs impact\u00e9s et ceux proposant leur aide ainsi que la mise \u00e0 disposition d\u2019informations autour de&nbsp;la pr\u00e9vention des risques naturels.&nbsp; Le [&hellip;]<\/p>\n","protected":false},"author":1,"featured_media":0,"parent":0,"menu_order":0,"comment_status":"closed","ping_status":"closed","template":"","meta":{"_acf_changed":false,"inline_featured_image":false,"ghostkit_customizer_options":"","ghostkit_custom_css":"","ghostkit_custom_js_head":"","ghostkit_custom_js_foot":"","ghostkit_typography":"","footnotes":""},"class_list":["post-6","page","type-page","status-publish","hentry"],"acf":[],"yoast_head":"<!-- This site is optimized with the Yoast SEO plugin v24.9 - https:\/\/yoast.com\/wordpress\/plugins\/seo\/ -->\n<title>Mentions l\u00e9gales - Preventraide - Conseils Pr\u00e9vention<\/title>\n<meta name=\"robots\" content=\"index, follow, max-snippet:-1, max-image-preview:large, max-video-preview:-1\" \/>\n<link rel=\"canonical\" href=\"https:\/\/www.preventraide.fr\/contenus\/informations-legale\/\" \/>\n<meta property=\"og:locale\" content=\"fr_FR\" \/>\n<meta property=\"og:type\" content=\"article\" \/>\n<meta property=\"og:title\" content=\"Mentions l\u00e9gales - Preventraide - Conseils Pr\u00e9vention\" \/>\n<meta property=\"og:description\" content=\"OBJET Le Site Internet Pr\u00e9vEntraide a pour objet de proposer aux internautes et \u00e0 ses utilisateurs, impact\u00e9s par des Ev\u00e9nements Exceptionnels (exemple catastrophe naturelle), des services gratuits g\u00e9o localis\u00e9s,&nbsp;la mise en relation entre les Utilisateurs impact\u00e9s et ceux proposant leur aide ainsi que la mise \u00e0 disposition d\u2019informations autour de&nbsp;la pr\u00e9vention des risques naturels.&nbsp; Le [&hellip;]\" \/>\n<meta property=\"og:url\" content=\"https:\/\/www.preventraide.fr\/contenus\/informations-legale\/\" \/>\n<meta property=\"og:site_name\" content=\"Preventraide - Conseils Pr\u00e9vention\" \/>\n<meta property=\"article:modified_time\" content=\"2026-02-12T15:25:53+00:00\" \/>\n<meta name=\"twitter:card\" content=\"summary_large_image\" \/>\n<meta name=\"twitter:label1\" content=\"Est. reading time\" \/>\n\t<meta name=\"twitter:data1\" content=\"4 minutes\" \/>\n<script type=\"application\/ld+json\" class=\"yoast-schema-graph\">{\"@context\":\"https:\/\/schema.org\",\"@graph\":[{\"@type\":\"WebPage\",\"@id\":\"https:\/\/www.preventraide.fr\/contenus\/informations-legale\/\",\"url\":\"https:\/\/www.preventraide.fr\/contenus\/informations-legale\/\",\"name\":\"Mentions l\u00e9gales - Preventraide - Conseils Pr\u00e9vention\",\"isPartOf\":{\"@id\":\"https:\/\/www.preventraide.fr\/contenus\/#website\"},\"datePublished\":\"2021-03-08T17:23:11+00:00\",\"dateModified\":\"2026-02-12T15:25:53+00:00\",\"breadcrumb\":{\"@id\":\"https:\/\/www.preventraide.fr\/contenus\/informations-legale\/#breadcrumb\"},\"inLanguage\":\"fr-FR\",\"potentialAction\":[{\"@type\":\"ReadAction\",\"target\":[\"https:\/\/www.preventraide.fr\/contenus\/informations-legale\/\"]}]},{\"@type\":\"BreadcrumbList\",\"@id\":\"https:\/\/www.preventraide.fr\/contenus\/informations-legale\/#breadcrumb\",\"itemListElement\":[{\"@type\":\"ListItem\",\"position\":1,\"name\":\"Accueil\",\"item\":\"https:\/\/www.preventraide.fr\"},{\"@type\":\"ListItem\",\"position\":2,\"name\":\"Mentions l\u00e9gales\"}]},{\"@type\":\"WebSite\",\"@id\":\"https:\/\/www.preventraide.fr\/contenus\/#website\",\"url\":\"https:\/\/www.preventraide.fr\/contenus\/\",\"name\":\"Preventraide\",\"description\":\"\",\"potentialAction\":[{\"@type\":\"SearchAction\",\"target\":{\"@type\":\"EntryPoint\",\"urlTemplate\":\"https:\/\/www.preventraide.fr\/contenus\/?s={search_term_string}\"},\"query-input\":{\"@type\":\"PropertyValueSpecification\",\"valueRequired\":true,\"valueName\":\"search_term_string\"}}],\"inLanguage\":\"fr-FR\"}]}<\/script>\n<!-- \/ Yoast SEO plugin. -->","yoast_head_json":{"title":"Mentions l\u00e9gales - Preventraide - Conseils Pr\u00e9vention","robots":{"index":"index","follow":"follow","max-snippet":"max-snippet:-1","max-image-preview":"max-image-preview:large","max-video-preview":"max-video-preview:-1"},"canonical":"https:\/\/www.preventraide.fr\/contenus\/informations-legale\/","og_locale":"fr_FR","og_type":"article","og_title":"Mentions l\u00e9gales - Preventraide - Conseils Pr\u00e9vention","og_description":"OBJET Le Site Internet Pr\u00e9vEntraide a pour objet de proposer aux internautes et \u00e0 ses utilisateurs, impact\u00e9s par des Ev\u00e9nements Exceptionnels (exemple catastrophe naturelle), des services gratuits g\u00e9o localis\u00e9s,&nbsp;la mise en relation entre les Utilisateurs impact\u00e9s et ceux proposant leur aide ainsi que la mise \u00e0 disposition d\u2019informations autour de&nbsp;la pr\u00e9vention des risques naturels.&nbsp; Le [&hellip;]","og_url":"https:\/\/www.preventraide.fr\/contenus\/informations-legale\/","og_site_name":"Preventraide - Conseils Pr\u00e9vention","article_modified_time":"2026-02-12T15:25:53+00:00","twitter_card":"summary_large_image","twitter_misc":{"Est. reading time":"4 minutes"},"schema":{"@context":"https:\/\/schema.org","@graph":[{"@type":"WebPage","@id":"https:\/\/www.preventraide.fr\/contenus\/informations-legale\/","url":"https:\/\/www.preventraide.fr\/contenus\/informations-legale\/","name":"Mentions l\u00e9gales - Preventraide - Conseils Pr\u00e9vention","isPartOf":{"@id":"https:\/\/www.preventraide.fr\/contenus\/#website"},"datePublished":"2021-03-08T17:23:11+00:00","dateModified":"2026-02-12T15:25:53+00:00","breadcrumb":{"@id":"https:\/\/www.preventraide.fr\/contenus\/informations-legale\/#breadcrumb"},"inLanguage":"fr-FR","potentialAction":[{"@type":"ReadAction","target":["https:\/\/www.preventraide.fr\/contenus\/informations-legale\/"]}]},{"@type":"BreadcrumbList","@id":"https:\/\/www.preventraide.fr\/contenus\/informations-legale\/#breadcrumb","itemListElement":[{"@type":"ListItem","position":1,"name":"Accueil","item":"https:\/\/www.preventraide.fr"},{"@type":"ListItem","position":2,"name":"Mentions l\u00e9gales"}]},{"@type":"WebSite","@id":"https:\/\/www.preventraide.fr\/contenus\/#website","url":"https:\/\/www.preventraide.fr\/contenus\/","name":"Preventraide","description":"","potentialAction":[{"@type":"SearchAction","target":{"@type":"EntryPoint","urlTemplate":"https:\/\/www.preventraide.fr\/contenus\/?s={search_term_string}"},"query-input":{"@type":"PropertyValueSpecification","valueRequired":true,"valueName":"search_term_string"}}],"inLanguage":"fr-FR"}]}},"_links":{"self":[{"href":"https:\/\/www.preventraide.fr\/contenus\/wp-json\/wp\/v2\/pages\/6","targetHints":{"allow":["GET"]}}],"collection":[{"href":"https:\/\/www.preventraide.fr\/contenus\/wp-json\/wp\/v2\/pages"}],"about":[{"href":"https:\/\/www.preventraide.fr\/contenus\/wp-json\/wp\/v2\/types\/page"}],"author":[{"embeddable":true,"href":"https:\/\/www.preventraide.fr\/contenus\/wp-json\/wp\/v2\/users\/1"}],"replies":[{"embeddable":true,"href":"https:\/\/www.preventraide.fr\/contenus\/wp-json\/wp\/v2\/comments?post=6"}],"version-history":[{"count":3,"href":"https:\/\/www.preventraide.fr\/contenus\/wp-json\/wp\/v2\/pages\/6\/revisions"}],"predecessor-version":[{"id":2741,"href":"https:\/\/www.preventraide.fr\/contenus\/wp-json\/wp\/v2\/pages\/6\/revisions\/2741"}],"wp:attachment":[{"href":"https:\/\/www.preventraide.fr\/contenus\/wp-json\/wp\/v2\/media?parent=6"}],"curies":[{"name":"wp","href":"https:\/\/api.w.org\/{rel}","templated":true}]}}