{"id":98,"date":"2021-03-15T17:29:54","date_gmt":"2021-03-15T16:29:54","guid":{"rendered":"https:\/\/www.preventraide.fr\/contenus\/?page_id=98"},"modified":"2025-07-22T08:20:29","modified_gmt":"2025-07-22T06:20:29","slug":"politique-de-confidentialite","status":"publish","type":"page","link":"https:\/\/www.preventraide.fr\/contenus\/politique-de-confidentialite\/","title":{"rendered":"Politique de confidentialit\u00e9"},"content":{"rendered":"\n<p>Cette politique de confidentialit\u00e9 rassemble les informations relatives aux traitements de donn\u00e9es personnelles r\u00e9alis\u00e9s dans le cadre de cette Plateforme. Elle vous donne les informations utiles pour comprendre comment vos donn\u00e9es sont trait\u00e9es et comment vous pouvez exercer vos droits.<\/p>\n\n\n\n<h2 class=\"wp-block-heading\" id=\"identite-et-coordonnees-du-responsable-de-traitement\">Identit\u00e9 et coordonn\u00e9es du responsable de traitement<\/h2>\n\n\n\n<p>Le responsable de traitement est l\u2019association Pr\u00e9vention MAIF, association reconnue d\u2019int\u00e9r\u00eat g\u00e9n\u00e9ral, 275 rue du Stade, 79180 CHAURAY. Adresse \u00e9lectronique : asso.prevention@maif.fr<\/p>\n\n\n\n<h2 class=\"wp-block-heading\" id=\"traitements-de-vos-donnees-finalites-et-bases-legales\">Traitements de vos donn\u00e9es, finalit\u00e9s et bases l\u00e9gales<\/h2>\n\n\n\n<p>Le Site a pour principale finalit\u00e9 la constitution et l\u2019exploitation d\u2019un fichier de coordonn\u00e9es de personnes \u00e0 des fins d\u2019organisation de l\u2019entraide en cas d\u2019\u00e9v\u00e9nements d\u2019ampleur. Des donn\u00e9es peuvent \u00e9galement \u00eatre trait\u00e9es dans le cadre d\u2019analyses statistiques.<\/p>\n\n\n\n<p>Le pr\u00e9sent Site&nbsp;<strong>n\u2019est pas&nbsp;<\/strong>utilis\u00e9 \u00e0 des fins de prospection commerciale.<\/p>\n\n\n\n<h3 class=\"wp-block-heading\" id=\"details-des-traitements-de-donnees-a-caractere-personnel\">D\u00e9tails des traitements de donn\u00e9es \u00e0 caract\u00e8re personnel<\/h3>\n\n\n\n<figure class=\"wp-block-table\"><table><thead><tr><th>Donn\u00e9es trait\u00e9es<\/th><th>Finalit\u00e9(s) de traitement<\/th><th>Base juridique<\/th><\/tr><\/thead><tbody><tr><td>Donn\u00e9es d\u2019identit\u00e9 (nom, pr\u00e9nom)<\/td><td>Identification de l\u2019Utilisateur<\/td><td>N\u00e9cessaire \u00e0 l\u2019ex\u00e9cution du contrat conclu \u00e0 l\u2019acception des CGU du Site<\/td><\/tr><tr><td>Donn\u00e9es de contact (adresse mail, num\u00e9ro de t\u00e9l\u00e9phone)<\/td><td>Contact de l\u2019Utilisateur<\/td><td>N\u00e9cessaire \u00e0 l\u2019ex\u00e9cution du contrat conclu \u00e0 l\u2019acception des CGU du Site<\/td><\/tr><tr><td>Donn\u00e9es d\u2019annonce (type de Service propos\u00e9, description)<\/td><td>Entraide<\/td><td>N\u00e9cessaire \u00e0 l\u2019ex\u00e9cution du contrat conclu \u00e0 l\u2019acception des CGU du Site<\/td><\/tr><tr><td>Donn\u00e9es de localisation statique<\/td><td>Localisation des Services<\/td><td>N\u00e9cessaire \u00e0 l\u2019ex\u00e9cution du contrat conclu \u00e0 l\u2019acception des CGU du Site<\/td><\/tr><tr><td>Donn\u00e9es de navigation (cookies)<\/td><td>Permettre la navigation personnalis\u00e9e<\/td><td>N\u00e9cessaire \u00e0 l\u2019ex\u00e9cution du contrat conclu \u00e0 l\u2019acception des CGU du Site<\/td><\/tr><tr><td>Donn\u00e9es de fr\u00e9quentations (cookies)<\/td><td>r\u00e9aliser des \u00e9tudes statistiques non nominatives sur les usages du Site<\/td><td>Int\u00e9r\u00eat l\u00e9gitime : mesurer l\u2019efficacit\u00e9 du Site<\/td><\/tr><tr><td>Donn\u00e9es de g\u00e9olocalisation<\/td><td>Localisation en temps direct des Utilisateurs<\/td><td>Consentement de la personne concern\u00e9e<\/td><\/tr><tr><td>Photo de profil<\/td><td>Personnalisation du compte Utilisateur<\/td><td>Int\u00e9r\u00eat l\u00e9gitime : identifier les personnes entres elles<\/td><\/tr><tr><td>Coordonn\u00e9es de contact (coordonn\u00e9es renseign\u00e9es sur la page \u201ccontactez-nous\u201d)<\/td><td>Recevoir des communications d\u2019Utilisateurs sur tous types de sujets<\/td><td>Int\u00e9r\u00eat l\u00e9gitime : entretenir la relation avec les Utilisateurs et r\u00e9pondre \u00e0 leurs attentes.<\/td><\/tr><\/tbody><\/table><\/figure>\n\n\n\n<h2 class=\"wp-block-heading\" id=\"destinataires-des-donnees\">Destinataires des donn\u00e9es<\/h2>\n\n\n\n<p>Le site est h\u00e9berg\u00e9 par la soci\u00e9t\u00e9 Platform.sh SAS,<\/p>\n\n\n\n<p>Capital : 510 747\u20ac<\/p>\n\n\n\n<p>Immatricul\u00e9e au Registre du Commerce et des Soci\u00e9t\u00e9s de Paris sous le num\u00e9ro 521 496 059.<\/p>\n\n\n\n<p>Si\u00e8ge social : 131 BD DE SEBASTOPOL 75002 PARIS<\/p>\n\n\n\n<p>Toutes les autres activit\u00e9s de traitement de donn\u00e9es \u00e0 caract\u00e8re personnel en rapport avec le Site sont effectu\u00e9es par l\u2019association Pr\u00e9vention MAIF, et ne sont destin\u00e9es \u00e0 personne d\u2019autre.<\/p>\n\n\n\n<h2 class=\"wp-block-heading\" id=\"conservation-des-donnees\">Conservation des donn\u00e9es<\/h2>\n\n\n\n<p>Pour atteindre les finalit\u00e9s pr\u00e9cit\u00e9es, l\u2019association Pr\u00e9vention MAIF conserve n\u00e9cessairement les donn\u00e9es trait\u00e9es. Cependant, elle s\u2019engage \u00e0 ne les conserver que pour la dur\u00e9e strictement n\u00e9cessaire \u00e0 l\u2019atteinte desdites finalit\u00e9s.<\/p>\n\n\n\n<figure class=\"wp-block-table\"><table><thead><tr><th>Donn\u00e9es trait\u00e9es<\/th><th>Dur\u00e9e de conservation<\/th><\/tr><\/thead><tbody><tr><td>Donn\u00e9es d\u2019identit\u00e9 (nom, pr\u00e9nom)<\/td><td>Jusqu\u2019\u00e0 la suppression du compte<\/td><\/tr><tr><td>Donn\u00e9es de contact (adresse mail, num\u00e9ro de t\u00e9l\u00e9phone)<\/td><td>Jusqu\u2019\u00e0 la suppression du compte<\/td><\/tr><tr><td>Donn\u00e9es d\u2019annonce (type de Service propos\u00e9, description,<\/td><td>Jusqu\u2019\u00e0 la suppression du compte<\/td><\/tr><tr><td>Donn\u00e9es de localisation statique<\/td><td>Jusqu\u2019\u00e0 la suppression du compte<\/td><\/tr><tr><td>Donn\u00e9es de navigation (cookies)<\/td><td>13 mois<\/td><\/tr><tr><td>Donn\u00e9es de fr\u00e9quentations (cookies)<\/td><td>13 mois<\/td><\/tr><tr><td>Donn\u00e9es de g\u00e9olocalisation<\/td><td>Jusqu\u2019\u00e0 la suppression du compte<\/td><\/tr><tr><td>Photo de profil<\/td><td>Jusqu\u2019\u00e0 la suppression du compte<\/td><\/tr><\/tbody><\/table><\/figure>\n\n\n\n<h2 class=\"wp-block-heading\" id=\"cookies\">Cookies<\/h2>\n\n\n\n<p>Le Site n\u2019utilise que des cookies strictement n\u00e9cessaires \u00e0 vous fournir une exp\u00e9rience de navigation optimale.<\/p>\n\n\n\n<p>Le d\u00e9tail des cookies utilis\u00e9s est le suivant :<\/p>\n\n\n\n<figure class=\"wp-block-table\"><table><thead><tr><th>Cookie<\/th><th>Utilit\u00e9<\/th><th>Niveau de n\u00e9cessit\u00e9<\/th><\/tr><\/thead><tbody><tr><td>PHPSESSID<\/td><td>Cookie de Session PHP<\/td><td>N\u00e9cessaire<\/td><\/tr><tr><td>wp-settings-time-1<\/td><td>Cookie de fonctionnement pour WordPress<\/td><td>N\u00e9cessaire<\/td><\/tr><tr><td>cookieconsent_status<\/td><td>Stockage du consentement utilisateur<\/td><td>N\u00e9cessaire<\/td><\/tr><\/tbody><\/table><\/figure>\n\n\n\n<p>Nous vous encourageons \u00e0 param\u00e9trer votre navigateur internet pour g\u00e9rer les cookies \u00e0 votre convenance.<\/p>\n\n\n\n<h2 class=\"wp-block-heading\" id=\"vos-droits\">Vos droits<\/h2>\n\n\n\n<p>Toute personne b\u00e9n\u00e9ficie des certains droits sur les donn\u00e9es \u00e0 caract\u00e8re personnel la concernant.<\/p>\n\n\n\n<ul class=\"wp-block-list\">\n<li>Droit d\u2019acc\u00e8s : vous pouvez demander \u00e0 avoir acc\u00e8s aux donn\u00e9es \u00e0 caract\u00e8re personnel trait\u00e9es par le site et relatives \u00e0 votre personne.<\/li>\n\n\n\n<li>Droit \u00e0 la portabilit\u00e9 : vous pouvez demander la portabilit\u00e9 de vos donn\u00e9es \u00e0 caract\u00e8re personnel, ces donn\u00e9es vous seront alors fournies sous un format \u00e9lectronique usuel.<\/li>\n\n\n\n<li>Droit d\u2019opposition : vous pouvez demander \u00e0 ce que les donn\u00e9es \u00e0 caract\u00e8re personnel vous concernant ne fasse plus l\u2019objet de traitement.<\/li>\n\n\n\n<li>Droit \u00e0 l\u2019oubli\/suppression : vous pouvez demander l\u2019effacement des donn\u00e9es \u00e0 caract\u00e8re personnel vous concernant.<\/li>\n\n\n\n<li>Droit \u00e0 la rectification : vous pouvez demander \u00e0 rectifier une ou plusieurs donn\u00e9e(s) \u00e0 caract\u00e8re personnel vous concernan<\/li>\n<\/ul>\n\n\n\n<h2 class=\"wp-block-heading\" id=\"contact-et-exercice-de-vos-droits\">Contact et exercice de vos droits<\/h2>\n\n\n\n<p>Pour exercer vos droits et pour toute demande relative \u00e0 vos donn\u00e9es personnelles, vous pouvez contacter l\u2019association Pr\u00e9vention MAIF en \u00e9crivant directement \u00e0 l\u2019adresse <a href=\"mailto:nicolas.courjaud@maif.fr\">nicolas.courjaud@maif.fr<\/a>.<\/p>\n\n\n\n<p>Si vous vous estimez insatisfaits du traitement de vos demandes, nous vous informons que vous pouvez contacter la Commission National de l\u2019Informatique et Libert\u00e9s (CNIL), notamment via leur site cnil.fr.<\/p>\n\n\n\n<p><\/p>\n","protected":false},"excerpt":{"rendered":"<p>Cette politique de confidentialit\u00e9 rassemble les informations relatives aux traitements de donn\u00e9es personnelles r\u00e9alis\u00e9s dans le cadre de cette Plateforme. Elle vous donne les informations utiles pour comprendre comment vos donn\u00e9es sont trait\u00e9es et comment vous pouvez exercer vos droits. Identit\u00e9 et coordonn\u00e9es du responsable de traitement Le responsable de traitement est l\u2019association Pr\u00e9vention MAIF, [&hellip;]<\/p>\n","protected":false},"author":1,"featured_media":0,"parent":0,"menu_order":0,"comment_status":"closed","ping_status":"closed","template":"","meta":{"_acf_changed":false,"inline_featured_image":false,"ghostkit_customizer_options":"","ghostkit_custom_css":"","ghostkit_custom_js_head":"","ghostkit_custom_js_foot":"","ghostkit_typography":"","footnotes":""},"class_list":["post-98","page","type-page","status-publish","hentry"],"acf":[],"yoast_head":"<!-- This site is optimized with the Yoast SEO plugin v24.9 - https:\/\/yoast.com\/wordpress\/plugins\/seo\/ -->\n<title>Politique de confidentialit\u00e9 - Preventraide - Conseils Pr\u00e9vention<\/title>\n<meta name=\"robots\" content=\"index, follow, max-snippet:-1, max-image-preview:large, max-video-preview:-1\" \/>\n<link rel=\"canonical\" href=\"https:\/\/www.preventraide.fr\/contenus\/politique-de-confidentialite\/\" \/>\n<meta property=\"og:locale\" content=\"fr_FR\" \/>\n<meta property=\"og:type\" content=\"article\" \/>\n<meta property=\"og:title\" content=\"Politique de confidentialit\u00e9 - Preventraide - Conseils Pr\u00e9vention\" \/>\n<meta property=\"og:description\" content=\"Cette politique de confidentialit\u00e9 rassemble les informations relatives aux traitements de donn\u00e9es personnelles r\u00e9alis\u00e9s dans le cadre de cette Plateforme. Elle vous donne les informations utiles pour comprendre comment vos donn\u00e9es sont trait\u00e9es et comment vous pouvez exercer vos droits. Identit\u00e9 et coordonn\u00e9es du responsable de traitement Le responsable de traitement est l\u2019association Pr\u00e9vention MAIF, [&hellip;]\" \/>\n<meta property=\"og:url\" content=\"https:\/\/www.preventraide.fr\/contenus\/politique-de-confidentialite\/\" \/>\n<meta property=\"og:site_name\" content=\"Preventraide - Conseils Pr\u00e9vention\" \/>\n<meta property=\"article:modified_time\" content=\"2025-07-22T06:20:29+00:00\" \/>\n<meta name=\"twitter:card\" content=\"summary_large_image\" \/>\n<meta name=\"twitter:label1\" content=\"Est. reading time\" \/>\n\t<meta name=\"twitter:data1\" content=\"4 minutes\" \/>\n<script type=\"application\/ld+json\" class=\"yoast-schema-graph\">{\"@context\":\"https:\/\/schema.org\",\"@graph\":[{\"@type\":\"WebPage\",\"@id\":\"https:\/\/www.preventraide.fr\/contenus\/politique-de-confidentialite\/\",\"url\":\"https:\/\/www.preventraide.fr\/contenus\/politique-de-confidentialite\/\",\"name\":\"Politique de confidentialit\u00e9 - Preventraide - Conseils Pr\u00e9vention\",\"isPartOf\":{\"@id\":\"https:\/\/www.preventraide.fr\/contenus\/#website\"},\"datePublished\":\"2021-03-15T16:29:54+00:00\",\"dateModified\":\"2025-07-22T06:20:29+00:00\",\"breadcrumb\":{\"@id\":\"https:\/\/www.preventraide.fr\/contenus\/politique-de-confidentialite\/#breadcrumb\"},\"inLanguage\":\"fr-FR\",\"potentialAction\":[{\"@type\":\"ReadAction\",\"target\":[\"https:\/\/www.preventraide.fr\/contenus\/politique-de-confidentialite\/\"]}]},{\"@type\":\"BreadcrumbList\",\"@id\":\"https:\/\/www.preventraide.fr\/contenus\/politique-de-confidentialite\/#breadcrumb\",\"itemListElement\":[{\"@type\":\"ListItem\",\"position\":1,\"name\":\"Accueil\",\"item\":\"https:\/\/www.preventraide.fr\"},{\"@type\":\"ListItem\",\"position\":2,\"name\":\"Politique de confidentialit\u00e9\"}]},{\"@type\":\"WebSite\",\"@id\":\"https:\/\/www.preventraide.fr\/contenus\/#website\",\"url\":\"https:\/\/www.preventraide.fr\/contenus\/\",\"name\":\"Preventraide\",\"description\":\"\",\"potentialAction\":[{\"@type\":\"SearchAction\",\"target\":{\"@type\":\"EntryPoint\",\"urlTemplate\":\"https:\/\/www.preventraide.fr\/contenus\/?s={search_term_string}\"},\"query-input\":{\"@type\":\"PropertyValueSpecification\",\"valueRequired\":true,\"valueName\":\"search_term_string\"}}],\"inLanguage\":\"fr-FR\"}]}<\/script>\n<!-- \/ Yoast SEO plugin. -->","yoast_head_json":{"title":"Politique de confidentialit\u00e9 - Preventraide - Conseils Pr\u00e9vention","robots":{"index":"index","follow":"follow","max-snippet":"max-snippet:-1","max-image-preview":"max-image-preview:large","max-video-preview":"max-video-preview:-1"},"canonical":"https:\/\/www.preventraide.fr\/contenus\/politique-de-confidentialite\/","og_locale":"fr_FR","og_type":"article","og_title":"Politique de confidentialit\u00e9 - Preventraide - Conseils Pr\u00e9vention","og_description":"Cette politique de confidentialit\u00e9 rassemble les informations relatives aux traitements de donn\u00e9es personnelles r\u00e9alis\u00e9s dans le cadre de cette Plateforme. Elle vous donne les informations utiles pour comprendre comment vos donn\u00e9es sont trait\u00e9es et comment vous pouvez exercer vos droits. Identit\u00e9 et coordonn\u00e9es du responsable de traitement Le responsable de traitement est l\u2019association Pr\u00e9vention MAIF, [&hellip;]","og_url":"https:\/\/www.preventraide.fr\/contenus\/politique-de-confidentialite\/","og_site_name":"Preventraide - Conseils Pr\u00e9vention","article_modified_time":"2025-07-22T06:20:29+00:00","twitter_card":"summary_large_image","twitter_misc":{"Est. reading time":"4 minutes"},"schema":{"@context":"https:\/\/schema.org","@graph":[{"@type":"WebPage","@id":"https:\/\/www.preventraide.fr\/contenus\/politique-de-confidentialite\/","url":"https:\/\/www.preventraide.fr\/contenus\/politique-de-confidentialite\/","name":"Politique de confidentialit\u00e9 - Preventraide - Conseils Pr\u00e9vention","isPartOf":{"@id":"https:\/\/www.preventraide.fr\/contenus\/#website"},"datePublished":"2021-03-15T16:29:54+00:00","dateModified":"2025-07-22T06:20:29+00:00","breadcrumb":{"@id":"https:\/\/www.preventraide.fr\/contenus\/politique-de-confidentialite\/#breadcrumb"},"inLanguage":"fr-FR","potentialAction":[{"@type":"ReadAction","target":["https:\/\/www.preventraide.fr\/contenus\/politique-de-confidentialite\/"]}]},{"@type":"BreadcrumbList","@id":"https:\/\/www.preventraide.fr\/contenus\/politique-de-confidentialite\/#breadcrumb","itemListElement":[{"@type":"ListItem","position":1,"name":"Accueil","item":"https:\/\/www.preventraide.fr"},{"@type":"ListItem","position":2,"name":"Politique de confidentialit\u00e9"}]},{"@type":"WebSite","@id":"https:\/\/www.preventraide.fr\/contenus\/#website","url":"https:\/\/www.preventraide.fr\/contenus\/","name":"Preventraide","description":"","potentialAction":[{"@type":"SearchAction","target":{"@type":"EntryPoint","urlTemplate":"https:\/\/www.preventraide.fr\/contenus\/?s={search_term_string}"},"query-input":{"@type":"PropertyValueSpecification","valueRequired":true,"valueName":"search_term_string"}}],"inLanguage":"fr-FR"}]}},"_links":{"self":[{"href":"https:\/\/www.preventraide.fr\/contenus\/wp-json\/wp\/v2\/pages\/98","targetHints":{"allow":["GET"]}}],"collection":[{"href":"https:\/\/www.preventraide.fr\/contenus\/wp-json\/wp\/v2\/pages"}],"about":[{"href":"https:\/\/www.preventraide.fr\/contenus\/wp-json\/wp\/v2\/types\/page"}],"author":[{"embeddable":true,"href":"https:\/\/www.preventraide.fr\/contenus\/wp-json\/wp\/v2\/users\/1"}],"replies":[{"embeddable":true,"href":"https:\/\/www.preventraide.fr\/contenus\/wp-json\/wp\/v2\/comments?post=98"}],"version-history":[{"count":2,"href":"https:\/\/www.preventraide.fr\/contenus\/wp-json\/wp\/v2\/pages\/98\/revisions"}],"predecessor-version":[{"id":2317,"href":"https:\/\/www.preventraide.fr\/contenus\/wp-json\/wp\/v2\/pages\/98\/revisions\/2317"}],"wp:attachment":[{"href":"https:\/\/www.preventraide.fr\/contenus\/wp-json\/wp\/v2\/media?parent=98"}],"curies":[{"name":"wp","href":"https:\/\/api.w.org\/{rel}","templated":true}]}}